{"id":10268,"date":"2019-03-17T12:40:30","date_gmt":"2019-03-17T15:40:30","guid":{"rendered":"http:\/\/shiplife.org\/?page_id=10268"},"modified":"2021-01-23T08:07:29","modified_gmt":"2021-01-23T10:07:29","slug":"knowledge-center","status":"publish","type":"page","link":"https:\/\/shiplife.org\/2020\/knowledge-center\/?lang=pt-br","title":{"rendered":"Knowledge Center"},"content":{"rendered":"<p>[vc_row css=&#8221;.vc_custom_1559279328801{margin-top: 40px !important;}&#8221;][vc_column][vc_column_text]<\/p>\n<h1 style=\"text-align: left;\"><span style=\"font-size: 36pt;\">Central de Informa\u00e7\u00f5es<\/span><\/h1>\n<p>[\/vc_column_text][vc_column_text]<\/p>\n<p style=\"text-align: justify;\"><span style=\"font-size: 14pt;\">Aqui voc\u00ea encontrar\u00e1 conte\u00fado adicional que n\u00e3o se enquadra em nenhuma outra categoria em nosso site, que inclui tutoriais, instru\u00e7\u00f5es e artigos sobre navios de cruzeiro, iates, empresas e muito mais! N\u00f3s atualizamos esta p\u00e1gina regularmente, ent\u00e3o certifique-se de nos visitar de vez em quando para conferir conte\u00fados exclusivos.<\/span><\/p>\n<p>[\/vc_column_text][\/vc_column][\/vc_row][vc_row equal_height=&#8221;yes&#8221; css=&#8221;.vc_custom_1611307923241{margin-top: 20px !important;margin-bottom: 20px !important;border-top-width: 1px !important;border-right-width: 1px !important;border-bottom-width: 1px !important;border-left-width: 1px !important;background-color: #f9f9f9 !important;border-left-color: #9b9b9b !important;border-left-style: dashed !important;border-right-color: #9b9b9b !important;border-right-style: dashed !important;border-top-color: #9b9b9b !important;border-top-style: dashed !important;border-bottom-color: #9b9b9b !important;border-bottom-style: dashed !important;border-radius: 5px !important;}&#8221;][vc_column width=&#8221;2\/3&#8243;][vc_custom_heading text=&#8221;Tabela de Sal\u00e1rios&#8221; font_container=&#8221;tag:h3|text_align:left&#8221; use_theme_fonts=&#8221;yes&#8221; css_animation=&#8221;fadeIn&#8221; css=&#8221;.vc_custom_1611396166045{margin-top: 10px !important;margin-bottom: 20px !important;}&#8221;][vc_column_text]<\/p>\n<p style=\"text-align: justify;\"><span style=\"font-size: 14pt;\">Criada em 2018, esta extensa tabela \u00e9 inteiramente constru\u00edda com sal\u00e1rios reais e atualizados, enviados anonimamente com a ajuda dos nossos amigos e visitantes, e retrata os sal\u00e1rios b\u00e1sicos que os membros da tripula\u00e7\u00e3o recebem em diversas empresas de cruzeiros. Voc\u00ea pode usar as informa\u00e7\u00f5es aqui contidas para focar em op\u00e7\u00f5es espec\u00edficas de trabalho ou mesmo considerar um plano de carreira com base nos valores.<\/span><\/p>\n<p>[\/vc_column_text][vc_row_inner][vc_column_inner width=&#8221;1\/2&#8243;][vc_column_text css=&#8221;.vc_custom_1611395344463{margin-right: 5% !important;margin-left: 5% !important;border-top-width: 1px !important;border-right-width: 1px !important;border-bottom-width: 1px !important;border-left-width: 1px !important;padding-top: 5px !important;padding-right: 5px !important;padding-bottom: 5px !important;padding-left: 5px !important;background-color: #00478e !important;border-left-color: #020202 !important;border-left-style: solid !important;border-right-color: #020202 !important;border-right-style: solid !important;border-top-color: #020202 !important;border-top-style: solid !important;border-bottom-color: #020202 !important;border-bottom-style: solid !important;border-radius: 10px !important;}&#8221;]<\/p>\n<p style=\"text-align: center;\"><span style=\"font-size: 12pt; color: #ffffff;\"><a style=\"color: #ffffff;\" href=\"https:\/\/shiplife.org\/salaries\/?lang=pt-br\">Acesse aqui<\/a><\/span><\/p>\n<p>[\/vc_column_text][\/vc_column_inner][vc_column_inner width=&#8221;1\/2&#8243;][vc_column_text css=&#8221;.vc_custom_1611395354127{margin-right: 5% !important;margin-left: 5% !important;border-top-width: 1px !important;border-right-width: 1px !important;border-bottom-width: 1px !important;border-left-width: 1px !important;padding-top: 5px !important;padding-right: 5px !important;padding-bottom: 5px !important;padding-left: 5px !important;background-color: #146d00 !important;border-left-color: #020202 !important;border-left-style: solid !important;border-right-color: #020202 !important;border-right-style: solid !important;border-top-color: #020202 !important;border-top-style: solid !important;border-bottom-color: #020202 !important;border-bottom-style: solid !important;border-radius: 10px !important;}&#8221;]<\/p>\n<p style=\"text-align: center;\"><span style=\"font-size: 12pt; color: #ffffff;\"><a style=\"color: #ffffff;\" href=\"https:\/\/shiplife.org\/submit-your-salary\/?lang=pt-br\">Contribua! (Anonimamente)<\/a><\/span><\/p>\n<p>[\/vc_column_text][\/vc_column_inner][\/vc_row_inner][\/vc_column][vc_column width=&#8221;1\/3&#8243; offset=&#8221;vc_hidden-xs&#8221;][vc_images_carousel images=&#8221;11721,11722,11723,11719&#8243; img_size=&#8221;full&#8221; onclick=&#8221;link_no&#8221; mode=&#8221;vertical&#8221; speed=&#8221;3000&#8243; autoplay=&#8221;yes&#8221; hide_pagination_control=&#8221;yes&#8221; hide_prev_next_buttons=&#8221;yes&#8221; css=&#8221;.vc_custom_1603901362927{margin-top: 5% !important;margin-bottom: 5% !important;}&#8221;][\/vc_column][\/vc_row][vc_row gap=&#8221;10&#8243; equal_height=&#8221;yes&#8221; css=&#8221;.vc_custom_1611308686996{margin-top: 20px !important;margin-bottom: 20px !important;}&#8221;][vc_column width=&#8221;1\/3&#8243; css=&#8221;.vc_custom_1560019710384{border-top-width: 1px !important;border-right-width: 1px !important;border-bottom-width: 1px !important;border-left-width: 1px !important;padding-right: 20px !important;padding-left: 20px !important;background-color: #a7d695 !important;border-left-color: #595959 !important;border-left-style: solid !important;border-right-color: #595959 !important;border-right-style: solid !important;border-top-color: #595959 !important;border-top-style: solid !important;border-bottom-color: #595959 !important;border-bottom-style: solid !important;border-radius: 10px !important;}&#8221;][vc_column_text]<\/p>\n<h3 style=\"text-align: center;\"><a href=\"http:\/\/shiplife.org\/knowledge-center\/conglomerates\/?lang=pt-br\">CONGLOMERADOS<\/a><\/h3>\n<p>[\/vc_column_text][vc_column_text css=&#8221;.vc_custom_1611395484473{margin-top: -30px !important;}&#8221;]<\/p>\n<p style=\"text-align: center;\">Uma combina\u00e7\u00e3o de v\u00e1rias companhias que operam em mercados totalmente diferentes em um grupo corporativo e s\u00e3o muito comuns na ind\u00fastria de cruzeiros. Aqui voc\u00ea conhece e aprende um pouco mais!<\/p>\n<p>[\/vc_column_text][vc_single_image image=&#8221;11933&#8243; img_size=&#8221;medium&#8221; alignment=&#8221;center&#8221; style=&#8221;vc_box_border&#8221; onclick=&#8221;custom_link&#8221; link=&#8221;https:\/\/shiplife.org\/knowledge-center\/conglomerates\/?lang=pt-br&#8221;][\/vc_column][vc_column width=&#8221;1\/3&#8243; css=&#8221;.vc_custom_1611308139173{border-top-width: 1px !important;border-right-width: 1px !important;border-bottom-width: 1px !important;border-left-width: 1px !important;background-color: #8eccc6 !important;border-left-style: solid !important;border-right-style: solid !important;border-top-style: solid !important;border-bottom-style: solid !important;border-radius: 10px !important;}&#8221;][vc_column_text]<\/p>\n<h3 style=\"text-align: center;\"><a href=\"http:\/\/shiplife.org\/knowledge-center\/private-islands\/?lang=pt-br\">ILHAS PRIVADAS<\/a><\/h3>\n<p>[\/vc_column_text][vc_column_text css=&#8221;.vc_custom_1611395422550{margin-top: -30px !important;}&#8221;]<\/p>\n<p style=\"text-align: center;\">Um para\u00edso exclusivo que voc\u00ea s\u00f3 pode alcan\u00e7ar em um cruzeiro? Conhe\u00e7a as ilhas e destinos particulares de cada companhia de cruzeiro.<\/p>\n<p>[\/vc_column_text][vc_single_image image=&#8221;10084&#8243; img_size=&#8221;medium&#8221; alignment=&#8221;center&#8221; style=&#8221;vc_box_border&#8221; onclick=&#8221;custom_link&#8221; link=&#8221;http:\/\/shiplife.org\/knowledge-center\/private-islands\/?lang=pt-br&#8221;][\/vc_column][vc_column width=&#8221;1\/3&#8243; css=&#8221;.vc_custom_1611308544597{border-top-width: 1px !important;border-right-width: 1px !important;border-bottom-width: 1px !important;border-left-width: 1px !important;background-color: #eded8e !important;border-left-style: solid !important;border-right-style: solid !important;border-top-style: solid !important;border-bottom-style: solid !important;border-radius: 10px !important;}&#8221;][vc_column_text]<\/p>\n<h3 style=\"text-align: center;\">COMO SE TORNAR UM CADETE?<\/h3>\n<p>[\/vc_column_text][vc_column_text css=&#8221;.vc_custom_1611395384954{margin-top: -30px !important;}&#8221;]<\/p>\n<p style=\"text-align: center;\">Analisamos todas as caracter\u00edsticas do trabalho e tentamos compactar tudo o que voc\u00ea precisa saber e estar ciente antes de seguir essa carreira!<\/p>\n<p>[\/vc_column_text][\/vc_column][\/vc_row][vc_row gap=&#8221;10&#8243; equal_height=&#8221;yes&#8221; css=&#8221;.vc_custom_1611308686996{margin-top: 20px !important;margin-bottom: 20px !important;}&#8221;][vc_column width=&#8221;1\/3&#8243; css=&#8221;.vc_custom_1560019710384{border-top-width: 1px !important;border-right-width: 1px !important;border-bottom-width: 1px !important;border-left-width: 1px !important;padding-right: 20px !important;padding-left: 20px !important;background-color: #a7d695 !important;border-left-color: #595959 !important;border-left-style: solid !important;border-right-color: #595959 !important;border-right-style: solid !important;border-top-color: #595959 !important;border-top-style: solid !important;border-bottom-color: #595959 !important;border-bottom-style: solid !important;border-radius: 10px !important;}&#8221;][vc_column_text]<\/p>\n<h3 style=\"text-align: center;\">G\u00cdRIAS E TERMOS<\/h3>\n<p>[\/vc_column_text][vc_column_text css=&#8221;.vc_custom_1611396004413{margin-top: -30px !important;}&#8221;]<\/p>\n<p style=\"text-align: center;\">Mamagayo? Starboard? Portside? Brata? Aqui voc\u00ea conhece quase todas as g\u00edrias e termos utilizadas pela tripula\u00e7\u00e3o, com origens e tamb\u00e9m o uso em frases comuns.<\/p>\n<p>[\/vc_column_text][\/vc_column][vc_column width=&#8221;1\/3&#8243; css=&#8221;.vc_custom_1611308139173{border-top-width: 1px !important;border-right-width: 1px !important;border-bottom-width: 1px !important;border-left-width: 1px !important;background-color: #8eccc6 !important;border-left-style: solid !important;border-right-style: solid !important;border-top-style: solid !important;border-bottom-style: solid !important;border-radius: 10px !important;}&#8221;][vc_column_text]<\/p>\n<h3 style=\"text-align: center;\">VEGETARIANO A BORDO?<\/h3>\n<p>[\/vc_column_text][vc_column_text css=&#8221;.vc_custom_1611396066355{margin-top: -30px !important;}&#8221;]<\/p>\n<p style=\"text-align: center;\">Uma das nossas perguntas mais frequentes e tema de muitas discuss\u00f5es, aqui voc\u00ea fica sabendo de todos os desafios enfrentados pelos tripulantes que se limitam a determinados tipos de alimentos e tamb\u00e9m conhece um pouco mais dos tipos de alimentos dispon\u00edveis a bordo.<\/p>\n<p>[\/vc_column_text][\/vc_column][\/vc_row]<\/p>\n","protected":false},"excerpt":{"rendered":"<p>[vc_row css=&#8221;.vc_custom_1559279328801{margin-top: 40px !important;}&#8221;][vc_column][vc_column_text] Central de Informa\u00e7\u00f5es [\/vc_column_text][vc_column_text] Aqui voc\u00ea encontrar\u00e1 conte\u00fado adicional que n\u00e3o se enquadra em nenhuma outra categoria em nosso site, que inclui tutoriais, instru\u00e7\u00f5es e artigos sobre navios de cruzeiro, iates, empresas e muito mais! N\u00f3s atualizamos esta p\u00e1gina regularmente, ent\u00e3o certifique-se de nos visitar de vez em quando para conferir [&hellip;]<\/p>\n","protected":false},"author":1,"featured_media":0,"parent":0,"menu_order":0,"comment_status":"closed","ping_status":"closed","template":"","meta":{"footnotes":""},"yst_prominent_words":[2464,2490,1151,1139,1188,1149,1189],"class_list":["post-10268","page","type-page","status-publish","hentry"],"_links":{"self":[{"href":"https:\/\/shiplife.org\/2020\/wp-json\/wp\/v2\/pages\/10268","targetHints":{"allow":["GET"]}}],"collection":[{"href":"https:\/\/shiplife.org\/2020\/wp-json\/wp\/v2\/pages"}],"about":[{"href":"https:\/\/shiplife.org\/2020\/wp-json\/wp\/v2\/types\/page"}],"author":[{"embeddable":true,"href":"https:\/\/shiplife.org\/2020\/wp-json\/wp\/v2\/users\/1"}],"replies":[{"embeddable":true,"href":"https:\/\/shiplife.org\/2020\/wp-json\/wp\/v2\/comments?post=10268"}],"version-history":[{"count":9,"href":"https:\/\/shiplife.org\/2020\/wp-json\/wp\/v2\/pages\/10268\/revisions"}],"predecessor-version":[{"id":11969,"href":"https:\/\/shiplife.org\/2020\/wp-json\/wp\/v2\/pages\/10268\/revisions\/11969"}],"wp:attachment":[{"href":"https:\/\/shiplife.org\/2020\/wp-json\/wp\/v2\/media?parent=10268"}],"wp:term":[{"taxonomy":"yst_prominent_words","embeddable":true,"href":"https:\/\/shiplife.org\/2020\/wp-json\/wp\/v2\/yst_prominent_words?post=10268"}],"curies":[{"name":"wp","href":"https:\/\/api.w.org\/{rel}","templated":true}]}}