{"id":10300,"date":"2019-06-16T19:15:28","date_gmt":"2019-06-16T22:15:28","guid":{"rendered":"http:\/\/shiplife.org\/?page_id=10300"},"modified":"2020-10-27T16:55:50","modified_gmt":"2020-10-27T19:55:50","slug":"medical-exams","status":"publish","type":"page","link":"https:\/\/shiplife.org\/2020\/selection-process\/medical-exams\/?lang=pt-br","title":{"rendered":"Exames M\u00e9dicos"},"content":{"rendered":"<p>[vc_row css=&#8221;.vc_custom_1558420010768{margin-top: 40px !important;}&#8221;][vc_column][vc_column_text]<\/p>\n<h1 style=\"text-align: left;\">EXAMES M\u00c9DICOS:<\/h1>\n<p>[\/vc_column_text][vc_column_text]<\/p>\n<p style=\"text-align: justify;\"><span style=\"font-size: 14pt;\">Aqui voc\u00ea encontra uma lista completa com todos os exames requeridos para os candidatos \u00e0 um emprego em navios de cruzeiros e iates. Buscando uma lista das vacinas necess\u00e1rias? <a href=\"http:\/\/shiplife.org\/selection-process\/vaccines\/?lang=pt-br\">Clique aqui para ser redirecionado<\/a>.<\/span><\/p>\n<p>&nbsp;<\/p>\n<p style=\"text-align: justify;\"><span style=\"font-size: 14pt;\">Faltou alguma coisa? Mande um email pra gente, <a href=\"http:\/\/shiplife.org\/contact\/?lang=pt-br\">entre em contato<\/a>!<\/span><\/p>\n<p>[\/vc_column_text][\/vc_column][\/vc_row][vc_row gap=&#8221;20&#8243; equal_height=&#8221;yes&#8221; css=&#8221;.vc_custom_1558271157109{margin-top: 10px !important;margin-bottom: 10px !important;}&#8221;][vc_column width=&#8221;1\/2&#8243; css=&#8221;.vc_custom_1558269473078{border-top-width: 1px !important;border-right-width: 1px !important;border-bottom-width: 1px !important;border-left-width: 1px !important;border-left-color: #000000 !important;border-left-style: dashed !important;border-right-color: #000000 !important;border-right-style: dashed !important;border-top-color: #000000 !important;border-top-style: dashed !important;border-bottom-color: #000000 !important;border-bottom-style: dashed !important;border-radius: 1px !important;}&#8221;][vc_column_text css=&#8221;.vc_custom_1603828185725{margin-top: -10px !important;margin-right: 10px !important;margin-left: 5px !important;}&#8221;]<\/p>\n<h4><span style=\"color: #008000; font-size: 18pt;\">EXAME DE SANGUE:<\/span><\/h4>\n<p style=\"text-align: justify;\"><span style=\"font-size: 14pt;\">Este \u00e9 o principal teste feito por todas as empresas. \u00c9 por meio dele que a empresa tem a certeza de que nada h\u00e1 de errado com o candidato e s\u00e3o feitos testes completos para detectar at\u00e9 mesmo as mais leves altera\u00e7\u00f5es. \u00c9 tamb\u00e9m comum a realiza\u00e7\u00e3o de exames peri\u00f3dicos a bordo.<\/span><\/p>\n<p>&nbsp;<\/p>\n<p style=\"text-align: justify;\"><span style=\"font-size: 14pt;\"><strong>PRECAU\u00c7\u00d5ES:<\/strong> \u00c9 necess\u00e1rio jejuar por 12 horas antes da coleta. Evite bebidas alco\u00f3licas e alimentos gordurosos antes de iniciar o jejum. \u00c9 poss\u00edvel ser reprovado no exame se detectar algumas doen\u00e7as como a Hepatite ou o HIV, assim como n\u00edveis desproporcionais de Colesterol, dentre outros.<\/span><\/p>\n<p>[\/vc_column_text][\/vc_column][vc_column width=&#8221;1\/2&#8243; css=&#8221;.vc_custom_1558269403710{border-top-width: 1px !important;border-right-width: 1px !important;border-bottom-width: 1px !important;border-left-width: 1px !important;border-left-color: #020202 !important;border-left-style: dashed !important;border-right-color: #020202 !important;border-right-style: dashed !important;border-top-color: #020202 !important;border-top-style: dashed !important;border-bottom-color: #020202 !important;border-bottom-style: dashed !important;border-radius: 1px !important;}&#8221;][vc_column_text css=&#8221;.vc_custom_1603826779997{margin-top: -10px !important;margin-right: 10px !important;margin-left: 5px !important;}&#8221;]<\/p>\n<h4><span style=\"color: #008000; font-size: 18pt;\">AUDIOMETRIA:<\/span><\/h4>\n<p style=\"text-align: justify;\"><span style=\"font-size: 14pt;\">Audiometria \u00e9 um exame que avalia a audi\u00e7\u00e3o das pessoas. Ao detectar alguma altera\u00e7\u00e3o auditiva \u00e9 poss\u00edvel mensurar seu grau e tipo de altera\u00e7\u00e3o, bem como orientar as medidas preventivas ou curativas a serem tomadas, evitando assim o agravamento ou les\u00e3o permanente.<br \/>\n<\/span><\/p>\n<p style=\"text-align: justify;\"><span style=\"font-size: 14pt;\"><strong><br \/>\nPRECAU\u00c7\u00d5ES:<\/strong> Basta ter os ouvidos limpos e fazer repouso auditivo evitando sons muito altos, assim como tamb\u00e9m n\u00e3o \u00e9 recomendado utilizar-se fones de ouvido por per\u00edodo prolongado, especialmente antes do teste.<br \/>\n<\/span>[\/vc_column_text][\/vc_column][\/vc_row][vc_row gap=&#8221;20&#8243; equal_height=&#8221;yes&#8221; css=&#8221;.vc_custom_1558271157109{margin-top: 10px !important;margin-bottom: 10px !important;}&#8221;][vc_column width=&#8221;1\/2&#8243; css=&#8221;.vc_custom_1558269473078{border-top-width: 1px !important;border-right-width: 1px !important;border-bottom-width: 1px !important;border-left-width: 1px !important;border-left-color: #000000 !important;border-left-style: dashed !important;border-right-color: #000000 !important;border-right-style: dashed !important;border-top-color: #000000 !important;border-top-style: dashed !important;border-bottom-color: #000000 !important;border-bottom-style: dashed !important;border-radius: 1px !important;}&#8221;][vc_column_text css=&#8221;.vc_custom_1603828199036{margin-top: -10px !important;margin-right: 10px !important;margin-left: 5px !important;}&#8221;]<\/p>\n<h4><span style=\"color: #008000; font-size: 18pt;\">EXAME DE VISTA:<\/span><\/h4>\n<p style=\"text-align: justify;\"><span style=\"font-size: 14pt;\">Se voc\u00ea usa \u00f3culos ou lentes corretivas, \u00e9 obrigat\u00f3rio enviar a receita dos \u00f3culos e\/ou o laudo do oftalmologista. Caso voc\u00ea tenha problemas de vis\u00e3o progressivos ou recorrentes (por exemplo, glaucoma, retinopatia diab\u00e9tica, etc.) as suas chances de embarcar s\u00e3o afetadas negativamente.<\/span><\/p>\n<p>&nbsp;<\/p>\n<p style=\"text-align: justify;\"><span style=\"font-size: 14pt;\"><strong>PRECAU\u00c7\u00d5ES:<\/strong> Se voc\u00ea nunca teve que fazer um exame oftalmol\u00f3gico, \u00e9 uma boa oportunidade para perguntar ao m\u00e9dico se est\u00e1 tudo certo com seus olhos.<br \/>\n<\/span><\/p>\n<p>[\/vc_column_text][\/vc_column][vc_column width=&#8221;1\/2&#8243; css=&#8221;.vc_custom_1558269403710{border-top-width: 1px !important;border-right-width: 1px !important;border-bottom-width: 1px !important;border-left-width: 1px !important;border-left-color: #020202 !important;border-left-style: dashed !important;border-right-color: #020202 !important;border-right-style: dashed !important;border-top-color: #020202 !important;border-top-style: dashed !important;border-bottom-color: #020202 !important;border-bottom-style: dashed !important;border-radius: 1px !important;}&#8221;][vc_column_text css=&#8221;.vc_custom_1603826998429{margin-top: -10px !important;margin-right: 10px !important;margin-left: 5px !important;}&#8221;]<\/p>\n<h4><span style=\"color: #008000; font-size: 18pt;\">ANTI-DROGAS:<\/span><\/h4>\n<p style=\"text-align: justify;\"><span style=\"font-size: 14pt;\">Por meio da coleta de urina, \u00e9 poss\u00edvel identificar usu\u00e1rios de maconha, hero\u00edna, coca\u00edna, \u00f3pio, anfetaminas e \u00e1cidos, entre outras subst\u00e2ncias il\u00edcitas. Este \u00e9 tamb\u00e9m um teste comum e recorrente feito a bordo, sempre na presen\u00e7a de um profissional m\u00e9dico.<br \/>\n<\/span><\/p>\n<p style=\"text-align: justify;\"><span style=\"font-size: 14pt;\"><strong><br \/>\nPRECAU\u00c7\u00d5ES:<\/strong> Se voc\u00ea usar qualquer droga, provavelmente ir\u00e1 falhar neste teste porque muitas subst\u00e2ncias levam semanas, meses e at\u00e9 anos para serem completamente eliminadas pelo corpo. Cuide-se.<br \/>\n<\/span>[\/vc_column_text][\/vc_column][\/vc_row][vc_row gap=&#8221;20&#8243; equal_height=&#8221;yes&#8221; css=&#8221;.vc_custom_1558271157109{margin-top: 10px !important;margin-bottom: 10px !important;}&#8221;][vc_column width=&#8221;1\/2&#8243; css=&#8221;.vc_custom_1558269473078{border-top-width: 1px !important;border-right-width: 1px !important;border-bottom-width: 1px !important;border-left-width: 1px !important;border-left-color: #000000 !important;border-left-style: dashed !important;border-right-color: #000000 !important;border-right-style: dashed !important;border-top-color: #000000 !important;border-top-style: dashed !important;border-bottom-color: #000000 !important;border-bottom-style: dashed !important;border-radius: 1px !important;}&#8221;][vc_column_text css=&#8221;.vc_custom_1603828211257{margin-top: -10px !important;margin-right: 10px !important;margin-left: 5px !important;}&#8221;]<\/p>\n<h4><span style=\"color: #008000; font-size: 18pt;\">RAIO-X:<\/span><\/h4>\n<p style=\"text-align: justify;\"><span style=\"font-size: 14pt;\">Uma placa tor\u00e1cica pode revelar problemas nos pulm\u00f5es, coluna e cora\u00e7\u00e3o. Para os membros da tripula\u00e7\u00e3o, a maioria das empresas pede uma parte superior do corpo completa, t\u00f3rax ou apenas pulm\u00f5es.<\/span><\/p>\n<p>&nbsp;<\/p>\n<p style=\"text-align: justify;\"><span style=\"font-size: 14pt;\"><strong>PRECAU\u00c7\u00d5ES:<\/strong> A m\u00e1quina de raios-X \u00e9 inofensiva para a maioria das pessoas; \u00e9 apenas de comum acordo que voc\u00ea deve evitar o uso em mulheres gr\u00e1vidas.<br \/>\n<\/span><\/p>\n<p>[\/vc_column_text][\/vc_column][vc_column width=&#8221;1\/2&#8243; css=&#8221;.vc_custom_1558269403710{border-top-width: 1px !important;border-right-width: 1px !important;border-bottom-width: 1px !important;border-left-width: 1px !important;border-left-color: #020202 !important;border-left-style: dashed !important;border-right-color: #020202 !important;border-right-style: dashed !important;border-top-color: #020202 !important;border-top-style: dashed !important;border-bottom-color: #020202 !important;border-bottom-style: dashed !important;border-radius: 1px !important;}&#8221;][vc_column_text css=&#8221;.vc_custom_1603827658078{margin-top: -10px !important;margin-right: 10px !important;margin-left: 5px !important;}&#8221;]<\/p>\n<h4><span style=\"color: #800080; font-size: 18pt;\">EXAME DE GRAVIDEZ (BHCG)<br \/>\n<\/span><\/h4>\n<p style=\"text-align: justify;\"><span style=\"font-size: 14pt;\">Este \u00e9 um exame exclusivo feminino por ser ginecol\u00f3gico (preventivo \/ papanicolau), por isso deve ser feito com o seu m\u00e9dico particular (porque \u00e9 um exame mais \u00edntimo e espec\u00edfico).<\/span><\/p>\n<p style=\"text-align: justify;\"><span style=\"font-size: 14pt;\"><strong><br \/>\nPRECAU\u00c7\u00d5ES:<\/strong> Somente exames atuais e v\u00e1lidos s\u00e3o aceitos dentro de 3 meses antes da data de envio! N\u00e3o precisamos dizer que gestantes n\u00e3o podem aplicar para trabalhar a bordo, por\u00e9m caso voc\u00ea fique gestante a bordo, \u00e9 permitido o trabalho at\u00e9 o quarto m\u00eas de gesta\u00e7\u00e3o.<br \/>\n<\/span>[\/vc_column_text][\/vc_column][\/vc_row][vc_row gap=&#8221;20&#8243; equal_height=&#8221;yes&#8221; css=&#8221;.vc_custom_1558271157109{margin-top: 10px !important;margin-bottom: 10px !important;}&#8221;][vc_column width=&#8221;1\/2&#8243; css=&#8221;.vc_custom_1558269473078{border-top-width: 1px !important;border-right-width: 1px !important;border-bottom-width: 1px !important;border-left-width: 1px !important;border-left-color: #000000 !important;border-left-style: dashed !important;border-right-color: #000000 !important;border-right-style: dashed !important;border-top-color: #000000 !important;border-top-style: dashed !important;border-bottom-color: #000000 !important;border-bottom-style: dashed !important;border-radius: 1px !important;}&#8221;][vc_column_text css=&#8221;.vc_custom_1603828226237{margin-top: -10px !important;margin-right: 10px !important;margin-left: 5px !important;}&#8221;]<\/p>\n<h4><span style=\"color: #008000; font-size: 18pt;\">ECG:<\/span><\/h4>\n<p style=\"text-align: justify;\"><span style=\"font-size: 14pt;\">O Eletrocardiograma \u00e9 um exame b\u00e1sico e inicial para avalia\u00e7\u00e3o da sa\u00fade cardiovascular e apontar para algumas anormalidades card\u00edacas. Para homens \u00e9 obrigat\u00f3rio ap\u00f3s os 40 anos, e para mulheres ap\u00f3s os 45 anos de idade.<\/span><\/p>\n<p>&nbsp;<\/p>\n<p style=\"text-align: justify;\"><span style=\"font-size: 14pt;\"><strong>PRECAU\u00c7\u00d5ES:<\/strong> N\u00e3o \u00e9 recomendado fumar nem fazer atividades f\u00edsicas nas horas antes dos exames.<br \/>\n<\/span><\/p>\n<p>[\/vc_column_text][\/vc_column][vc_column width=&#8221;1\/2&#8243; css=&#8221;.vc_custom_1558269403710{border-top-width: 1px !important;border-right-width: 1px !important;border-bottom-width: 1px !important;border-left-width: 1px !important;border-left-color: #020202 !important;border-left-style: dashed !important;border-right-color: #020202 !important;border-right-style: dashed !important;border-top-color: #020202 !important;border-top-style: dashed !important;border-bottom-color: #020202 !important;border-bottom-style: dashed !important;border-radius: 1px !important;}&#8221;][vc_column_text css=&#8221;.vc_custom_1603828038471{margin-top: -10px !important;margin-right: 10px !important;margin-left: 5px !important;}&#8221;]<\/p>\n<h4><span style=\"color: #800080; font-size: 18pt;\"><span style=\"color: #3366ff;\">EXAME DE TOQUE E PSA<\/span><br \/>\n<\/span><\/h4>\n<p style=\"text-align: justify;\"><span style=\"font-size: 14pt;\">Este \u00e9 um exame exclusivo masculino por ser preventivo ao c\u00e2ncer de pr\u00f3stata, por isso deve ser feito com o seu m\u00e9dico particular (porque \u00e9 um exame mais \u00edntimo e espec\u00edfico). Anual e obrigat\u00f3rio para homens acima dos 50 anos de idade.<br \/>\n<\/span><\/p>\n<p style=\"text-align: justify;\"><span style=\"font-size: 14pt;\"><strong><br \/>\nPRECAU\u00c7\u00d5ES:<\/strong> Al\u00e9m de se estar com a higiene em dia, \u00e9 recomendado evacuar antes do exame e seguir as recomenda\u00e7\u00f5es do seu m\u00e9dico.<br \/>\n<\/span>[\/vc_column_text][\/vc_column][\/vc_row][vc_row][vc_column][vc_text_separator title=&#8221;&#8221; style=&#8221;shadow&#8221; border_width=&#8221;10&#8243; css=&#8221;.vc_custom_1603828513476{margin-top: 20px !important;margin-bottom: 50px !important;}&#8221;][\/vc_column][\/vc_row]<\/p>\n","protected":false},"excerpt":{"rendered":"<p>[vc_row css=&#8221;.vc_custom_1558420010768{margin-top: 40px !important;}&#8221;][vc_column][vc_column_text] EXAMES M\u00c9DICOS: [\/vc_column_text][vc_column_text] Aqui voc\u00ea encontra uma lista completa com todos os exames requeridos para os candidatos \u00e0 um emprego em navios de cruzeiros e iates. Buscando uma lista das vacinas necess\u00e1rias? Clique aqui para ser redirecionado. &nbsp; Faltou alguma coisa? Mande um email pra gente, entre em contato! [\/vc_column_text][\/vc_column][\/vc_row][vc_row gap=&#8221;20&#8243; [&hellip;]<\/p>\n","protected":false},"author":1,"featured_media":0,"parent":10295,"menu_order":0,"comment_status":"closed","ping_status":"closed","template":"","meta":{"footnotes":""},"yst_prominent_words":[],"class_list":["post-10300","page","type-page","status-publish","hentry"],"_links":{"self":[{"href":"https:\/\/shiplife.org\/2020\/wp-json\/wp\/v2\/pages\/10300","targetHints":{"allow":["GET"]}}],"collection":[{"href":"https:\/\/shiplife.org\/2020\/wp-json\/wp\/v2\/pages"}],"about":[{"href":"https:\/\/shiplife.org\/2020\/wp-json\/wp\/v2\/types\/page"}],"author":[{"embeddable":true,"href":"https:\/\/shiplife.org\/2020\/wp-json\/wp\/v2\/users\/1"}],"replies":[{"embeddable":true,"href":"https:\/\/shiplife.org\/2020\/wp-json\/wp\/v2\/comments?post=10300"}],"version-history":[{"count":7,"href":"https:\/\/shiplife.org\/2020\/wp-json\/wp\/v2\/pages\/10300\/revisions"}],"predecessor-version":[{"id":11698,"href":"https:\/\/shiplife.org\/2020\/wp-json\/wp\/v2\/pages\/10300\/revisions\/11698"}],"up":[{"embeddable":true,"href":"https:\/\/shiplife.org\/2020\/wp-json\/wp\/v2\/pages\/10295"}],"wp:attachment":[{"href":"https:\/\/shiplife.org\/2020\/wp-json\/wp\/v2\/media?parent=10300"}],"wp:term":[{"taxonomy":"yst_prominent_words","embeddable":true,"href":"https:\/\/shiplife.org\/2020\/wp-json\/wp\/v2\/yst_prominent_words?post=10300"}],"curies":[{"name":"wp","href":"https:\/\/api.w.org\/{rel}","templated":true}]}}