{"id":10301,"date":"2019-06-16T19:16:54","date_gmt":"2019-06-16T22:16:54","guid":{"rendered":"http:\/\/shiplife.org\/?page_id=10301"},"modified":"2020-12-27T12:06:02","modified_gmt":"2020-12-27T14:06:02","slug":"professions","status":"publish","type":"page","link":"https:\/\/shiplife.org\/2020\/selection-process\/professions\/?lang=pt-br","title":{"rendered":"Profiss\u00f5es"},"content":{"rendered":"<p>[vc_row css=&#8221;.vc_custom_1558734832131{margin-top: 40px !important;}&#8221;][vc_column][vc_custom_heading text=&#8221;PROFISS\u00d5ES&#8221; font_container=&#8221;tag:h1|font_size:42px|text_align:left&#8221; use_theme_fonts=&#8221;yes&#8221; css=&#8221;.vc_custom_1609077817456{margin-bottom: 20px !important;}&#8221;][vc_column_text]<\/p>\n<p style=\"text-align: justify;\"><span style=\"font-size: 14pt;\">Nesta se\u00e7\u00e3o, voc\u00ea poder\u00e1 aprender mais sobre cada uma delas, quais s\u00e3o seus pap\u00e9is, quais s\u00e3o os requisitos a serem aplicados e o que se espera efetuar durante o hor\u00e1rio de trabalho, juntamente com seu sal\u00e1rio b\u00e1sico e a quantidade m\u00e9dia de horas trabalhadas por semana. Coloque tudo isso junto e voc\u00ea poder\u00e1 escolher uma carreira.<\/span><\/p>\n<p>&nbsp;<\/p>\n<p style=\"text-align: justify;\"><span style=\"font-size: 14pt;\">Existem mais de 150 posi\u00e7\u00f5es diferentes a bordo, espalhadas por dezoito departamentos distintos que s\u00e3o e podem ser muito diferentes uns dos outros, mas todos trabalhando para o mesmo objetivo: Proporcionar o bem estar do navio, dos passageiros e da pr\u00f3pria tripula\u00e7\u00e3o.<\/span><\/p>\n<p>[\/vc_column_text][vc_row_inner css=&#8221;.vc_custom_1558734882204{margin-right: 40px !important;margin-bottom: 30px !important;margin-left: 40px !important;border-top-width: 1px !important;border-right-width: 1px !important;border-bottom-width: 1px !important;border-left-width: 1px !important;background-color: #4a9ac9 !important;border-left-color: #000000 !important;border-left-style: dashed !important;border-right-color: #000000 !important;border-right-style: dashed !important;border-top-color: #000000 !important;border-top-style: dashed !important;border-bottom-color: #000000 !important;border-bottom-style: dashed !important;border-radius: 35px !important;}&#8221;][vc_column_inner][vc_column_text css=&#8221;.vc_custom_1609077849096{padding-right: 2% !important;padding-left: 2% !important;}&#8221;]<\/p>\n<p style=\"text-align: justify;\"><span style=\"font-size: 14pt; color: #ffffff;\">Um pequeno lembrete para nunca aceitar uma vaga de emprego que voc\u00ea n\u00e3o se sinta confort\u00e1vel ou que n\u00e3o tenha os requisitos necess\u00e1rios apenas porque sua ag\u00eancia o colocou nessa fun\u00e7\u00e3o. Quando voc\u00ea n\u00e3o sabe o que est\u00e1 fazendo, as chances de ser demitido, pedir para sair ou causar problemas a outras pessoas s\u00e3o significativamente aumentadas.<\/span><\/p>\n<p>[\/vc_column_text][\/vc_column_inner][\/vc_row_inner][\/vc_column][\/vc_row][vc_row][vc_column][vc_column_text]<\/p>\n<h3 style=\"text-align: center;\">Escolha por profiss\u00e3o ou departamento:<\/h3>\n<p>[\/vc_column_text]<div class=\"rt-case-study-box-filter element-one filter-style-three text-center \"><button class=\"matchHeight current-menu-item\" data-filter=\"*\"><span>All Groups<\/span><\/button><button class=\"matchHeight\" data-filter=\".deck\"><span>Deck<\/span><\/button><button class=\"matchHeight\" data-filter=\".entertainment\"><span>Entertainment<\/span><\/button><button class=\"matchHeight\" data-filter=\".galley\"><span>Galley<\/span><\/button><button class=\"matchHeight\" data-filter=\".maritime\"><span>Maritime<\/span><\/button><button class=\"matchHeight\" data-filter=\".medical\"><span>Medical<\/span><\/button><button class=\"matchHeight\" data-filter=\".photography\"><span>Photography<\/span><\/button><button class=\"matchHeight\" data-filter=\".restaurant\"><span>Restaurant<\/span><\/button><button class=\"matchHeight\" data-filter=\".security\"><span>Security<\/span><\/button><button class=\"matchHeight\" data-filter=\".spa\"><span>SPA<\/span><\/button><button class=\"matchHeight\" data-filter=\".technical\"><span>Technical<\/span><\/button><button class=\"matchHeight\" data-filter=\".technology\"><span>Technology<\/span><\/button><\/div><div class=\"rt-case-study-box element-one row isotope \" data-case-study-box-align=\"center\" style=\"margin-left:-2.5px; margin-right:-2.5px;\"><div class=\"rt-case-study-box-item medical col-lg-3 col-md-3 col-sm-2 col-xs-12\" style=\"padding:2.5px;\"><div class=\"holder\"><div class=\"pic\"><img decoding=\"async\" src=\"https:\/\/shiplife.org\/2020\/wp-content\/plugins\/radiantthemes-addons\/case-studies\/images\/blank-image-100x80.jpg\" alt=\"blank image\" width=\"100\" height=\"80\"><a class=\"holder\" href=\"https:\/\/shiplife.org\/2020\/case-studies\/nurse\/\" style=\"background-image:url(https:\/\/shiplife.org\/2020\/wp-content\/uploads\/2021\/03\/Nurse-1.jpg)\"><\/a><\/div><div class=\"data\"><p class=\"category\"><span>Medical<\/span><\/p><h4>Nurse<\/h4><\/div><\/div><\/div><div class=\"rt-case-study-box-item spa col-lg-3 col-md-3 col-sm-2 col-xs-12\" style=\"padding:2.5px;\"><div class=\"holder\"><div class=\"pic\"><img decoding=\"async\" src=\"https:\/\/shiplife.org\/2020\/wp-content\/plugins\/radiantthemes-addons\/case-studies\/images\/blank-image-100x80.jpg\" alt=\"blank image\" width=\"100\" height=\"80\"><a class=\"holder\" href=\"https:\/\/shiplife.org\/2020\/case-studies\/massage-therapist\/\" style=\"background-image:url(https:\/\/shiplife.org\/2020\/wp-content\/uploads\/2020\/11\/Massage-Therapist-2.jpg)\"><\/a><\/div><div class=\"data\"><p class=\"category\"><span>SPA<\/span><\/p><h4>Massage Therapist<\/h4><\/div><\/div><\/div><div class=\"rt-case-study-box-item spa col-lg-3 col-md-3 col-sm-2 col-xs-12\" style=\"padding:2.5px;\"><div class=\"holder\"><div class=\"pic\"><img decoding=\"async\" src=\"https:\/\/shiplife.org\/2020\/wp-content\/plugins\/radiantthemes-addons\/case-studies\/images\/blank-image-100x80.jpg\" alt=\"blank image\" width=\"100\" height=\"80\"><a class=\"holder\" href=\"https:\/\/shiplife.org\/2020\/case-studies\/spa-manager\/\" style=\"background-image:url(https:\/\/shiplife.org\/2020\/wp-content\/uploads\/2020\/11\/SPA-Manager-1.jpg)\"><\/a><\/div><div class=\"data\"><p class=\"category\"><span>SPA<\/span><\/p><h4>SPA Manager<\/h4><\/div><\/div><\/div><div class=\"rt-case-study-box-item spa col-lg-3 col-md-3 col-sm-2 col-xs-12\" style=\"padding:2.5px;\"><div class=\"holder\"><div class=\"pic\"><img decoding=\"async\" src=\"https:\/\/shiplife.org\/2020\/wp-content\/plugins\/radiantthemes-addons\/case-studies\/images\/blank-image-100x80.jpg\" alt=\"blank image\" width=\"100\" height=\"80\"><a class=\"holder\" href=\"https:\/\/shiplife.org\/2020\/case-studies\/fitness-instructor\/\" style=\"background-image:url(https:\/\/shiplife.org\/2020\/wp-content\/uploads\/2020\/11\/Fitness-Instructor-1.jpg)\"><\/a><\/div><div class=\"data\"><p class=\"category\"><span>SPA<\/span><\/p><h4>Fitness Instructor<\/h4><\/div><\/div><\/div><div class=\"rt-case-study-box-item deck col-lg-3 col-md-3 col-sm-2 col-xs-12\" style=\"padding:2.5px;\"><div class=\"holder\"><div class=\"pic\"><img decoding=\"async\" src=\"https:\/\/shiplife.org\/2020\/wp-content\/plugins\/radiantthemes-addons\/case-studies\/images\/blank-image-100x80.jpg\" alt=\"blank image\" width=\"100\" height=\"80\"><a class=\"holder\" href=\"https:\/\/shiplife.org\/2020\/case-studies\/environmental-team\/\" style=\"background-image:url(https:\/\/shiplife.org\/2020\/wp-content\/uploads\/2020\/06\/EnvironmentalTeam-4.jpg)\"><\/a><\/div><div class=\"data\"><p class=\"category\"><span>Deck<\/span><\/p><h4>Environmental Team<\/h4><\/div><\/div><\/div><div class=\"rt-case-study-box-item maritime col-lg-3 col-md-3 col-sm-2 col-xs-12\" style=\"padding:2.5px;\"><div class=\"holder\"><div class=\"pic\"><img decoding=\"async\" src=\"https:\/\/shiplife.org\/2020\/wp-content\/plugins\/radiantthemes-addons\/case-studies\/images\/blank-image-100x80.jpg\" alt=\"blank image\" width=\"100\" height=\"80\"><a class=\"holder\" href=\"https:\/\/shiplife.org\/2020\/case-studies\/environmental-officer\/\" style=\"background-image:url(https:\/\/shiplife.org\/2020\/wp-content\/uploads\/2020\/06\/EnvironmentalOfficer-2.jpg)\"><\/a><\/div><div class=\"data\"><p class=\"category\"><span>Maritime<\/span><\/p><h4>Environmental Officer<\/h4><\/div><\/div><\/div><div class=\"rt-case-study-box-item security col-lg-3 col-md-3 col-sm-2 col-xs-12\" style=\"padding:2.5px;\"><div class=\"holder\"><div class=\"pic\"><img decoding=\"async\" src=\"https:\/\/shiplife.org\/2020\/wp-content\/plugins\/radiantthemes-addons\/case-studies\/images\/blank-image-100x80.jpg\" alt=\"blank image\" width=\"100\" height=\"80\"><a class=\"holder\" href=\"https:\/\/shiplife.org\/2020\/case-studies\/security-guard\/\" style=\"background-image:url(https:\/\/shiplife.org\/2020\/wp-content\/uploads\/2020\/06\/SecurityGuard-2.jpg)\"><\/a><\/div><div class=\"data\"><p class=\"category\"><span>Security<\/span><\/p><h4>Security Guard<\/h4><\/div><\/div><\/div><div class=\"rt-case-study-box-item technology col-lg-3 col-md-3 col-sm-2 col-xs-12\" style=\"padding:2.5px;\"><div class=\"holder\"><div class=\"pic\"><img decoding=\"async\" src=\"https:\/\/shiplife.org\/2020\/wp-content\/plugins\/radiantthemes-addons\/case-studies\/images\/blank-image-100x80.jpg\" alt=\"blank image\" width=\"100\" height=\"80\"><a class=\"holder\" href=\"https:\/\/shiplife.org\/2020\/case-studies\/information-technology\/\" style=\"background-image:url(https:\/\/shiplife.org\/2020\/wp-content\/uploads\/2020\/06\/IT-Analyst-1.jpg)\"><\/a><\/div><div class=\"data\"><p class=\"category\"><span>Technology<\/span><\/p><h4>Information Technology<\/h4><\/div><\/div><\/div><div class=\"rt-case-study-box-item photography col-lg-3 col-md-3 col-sm-2 col-xs-12\" style=\"padding:2.5px;\"><div class=\"holder\"><div class=\"pic\"><img decoding=\"async\" src=\"https:\/\/shiplife.org\/2020\/wp-content\/plugins\/radiantthemes-addons\/case-studies\/images\/blank-image-100x80.jpg\" alt=\"blank image\" width=\"100\" height=\"80\"><a class=\"holder\" href=\"https:\/\/shiplife.org\/2020\/case-studies\/photo-lab\/\" style=\"background-image:url(https:\/\/shiplife.org\/2020\/wp-content\/uploads\/2020\/06\/PhotoLab3.jpeg)\"><\/a><\/div><div class=\"data\"><p class=\"category\"><span>Photography<\/span><\/p><h4>Photo Lab Technician<\/h4><\/div><\/div><\/div><div class=\"rt-case-study-box-item photography col-lg-3 col-md-3 col-sm-2 col-xs-12\" style=\"padding:2.5px;\"><div class=\"holder\"><div class=\"pic\"><img decoding=\"async\" src=\"https:\/\/shiplife.org\/2020\/wp-content\/plugins\/radiantthemes-addons\/case-studies\/images\/blank-image-100x80.jpg\" alt=\"blank image\" width=\"100\" height=\"80\"><a class=\"holder\" href=\"https:\/\/shiplife.org\/2020\/case-studies\/photographer\/\" style=\"background-image:url(https:\/\/shiplife.org\/2020\/wp-content\/uploads\/2020\/06\/Photographer-1.jpg)\"><\/a><\/div><div class=\"data\"><p class=\"category\"><span>Photography<\/span><\/p><h4>Photographer<\/h4><\/div><\/div><\/div><div class=\"rt-case-study-box-item entertainment col-lg-3 col-md-3 col-sm-2 col-xs-12\" style=\"padding:2.5px;\"><div class=\"holder\"><div class=\"pic\"><img decoding=\"async\" src=\"https:\/\/shiplife.org\/2020\/wp-content\/plugins\/radiantthemes-addons\/case-studies\/images\/blank-image-100x80.jpg\" alt=\"blank image\" width=\"100\" height=\"80\"><a class=\"holder\" href=\"https:\/\/shiplife.org\/2020\/case-studies\/cruise-director\/\" style=\"background-image:url(https:\/\/shiplife.org\/2020\/wp-content\/uploads\/2020\/05\/CruiseDirector-1.jpg)\"><\/a><\/div><div class=\"data\"><p class=\"category\"><span>Entertainment<\/span><\/p><h4>Cruise Director<\/h4><\/div><\/div><\/div><div class=\"rt-case-study-box-item entertainment col-lg-3 col-md-3 col-sm-2 col-xs-12\" style=\"padding:2.5px;\"><div class=\"holder\"><div class=\"pic\"><img decoding=\"async\" src=\"https:\/\/shiplife.org\/2020\/wp-content\/plugins\/radiantthemes-addons\/case-studies\/images\/blank-image-100x80.jpg\" alt=\"blank image\" width=\"100\" height=\"80\"><a class=\"holder\" href=\"https:\/\/shiplife.org\/2020\/case-studies\/teen-counselor\/\" style=\"background-image:url(https:\/\/shiplife.org\/2020\/wp-content\/uploads\/2020\/05\/TeenCounselor-2.jpg)\"><\/a><\/div><div class=\"data\"><p class=\"category\"><span>Entertainment<\/span><\/p><h4>Teen Counselor<\/h4><\/div><\/div><\/div><div class=\"rt-case-study-box-item entertainment col-lg-3 col-md-3 col-sm-2 col-xs-12\" style=\"padding:2.5px;\"><div class=\"holder\"><div class=\"pic\"><img decoding=\"async\" src=\"https:\/\/shiplife.org\/2020\/wp-content\/plugins\/radiantthemes-addons\/case-studies\/images\/blank-image-100x80.jpg\" alt=\"blank image\" width=\"100\" height=\"80\"><a class=\"holder\" href=\"https:\/\/shiplife.org\/2020\/case-studies\/youth-staff\/\" style=\"background-image:url(https:\/\/shiplife.org\/2020\/wp-content\/uploads\/2020\/05\/YouthStaff4.jpg)\"><\/a><\/div><div class=\"data\"><p class=\"category\"><span>Entertainment<\/span><\/p><h4>Youth Staff<\/h4><\/div><\/div><\/div><div class=\"rt-case-study-box-item entertainment col-lg-3 col-md-3 col-sm-2 col-xs-12\" style=\"padding:2.5px;\"><div class=\"holder\"><div class=\"pic\"><img decoding=\"async\" src=\"https:\/\/shiplife.org\/2020\/wp-content\/plugins\/radiantthemes-addons\/case-studies\/images\/blank-image-100x80.jpg\" alt=\"blank image\" width=\"100\" height=\"80\"><a class=\"holder\" href=\"https:\/\/shiplife.org\/2020\/case-studies\/sports-staff\/\" style=\"background-image:url(https:\/\/shiplife.org\/2020\/wp-content\/uploads\/2020\/05\/SportsStaff2.jpg)\"><\/a><\/div><div class=\"data\"><p class=\"category\"><span>Entertainment<\/span><\/p><h4>Sports Staff<\/h4><\/div><\/div><\/div><div class=\"rt-case-study-box-item restaurant col-lg-3 col-md-3 col-sm-2 col-xs-12\" style=\"padding:2.5px;\"><div class=\"holder\"><div class=\"pic\"><img decoding=\"async\" src=\"https:\/\/shiplife.org\/2020\/wp-content\/plugins\/radiantthemes-addons\/case-studies\/images\/blank-image-100x80.jpg\" alt=\"blank image\" width=\"100\" height=\"80\"><a class=\"holder\" href=\"https:\/\/shiplife.org\/2020\/case-studies\/maitred\/\" style=\"background-image:url(https:\/\/shiplife.org\/2020\/wp-content\/uploads\/2020\/01\/Maitre-Royal.jpg)\"><\/a><\/div><div class=\"data\"><p class=\"category\"><span>Restaurant<\/span><\/p><h4>Maitre D<\/h4><\/div><\/div><\/div><div class=\"rt-case-study-box-item deck col-lg-3 col-md-3 col-sm-2 col-xs-12\" style=\"padding:2.5px;\"><div class=\"holder\"><div class=\"pic\"><img decoding=\"async\" src=\"https:\/\/shiplife.org\/2020\/wp-content\/plugins\/radiantthemes-addons\/case-studies\/images\/blank-image-100x80.jpg\" alt=\"blank image\" width=\"100\" height=\"80\"><a class=\"holder\" href=\"https:\/\/shiplife.org\/2020\/case-studies\/carpenter\/\" style=\"background-image:url(https:\/\/shiplife.org\/2020\/wp-content\/uploads\/2020\/01\/Carpenter-Repairman.jpg)\"><\/a><\/div><div class=\"data\"><p class=\"category\"><span>Deck<\/span><\/p><h4>Carpenter<\/h4><\/div><\/div><\/div><div class=\"rt-case-study-box-item technical col-lg-3 col-md-3 col-sm-2 col-xs-12\" style=\"padding:2.5px;\"><div class=\"holder\"><div class=\"pic\"><img decoding=\"async\" src=\"https:\/\/shiplife.org\/2020\/wp-content\/plugins\/radiantthemes-addons\/case-studies\/images\/blank-image-100x80.jpg\" alt=\"blank image\" width=\"100\" height=\"80\"><a class=\"holder\" href=\"https:\/\/shiplife.org\/2020\/case-studies\/light-technician\/\" style=\"background-image:url(https:\/\/shiplife.org\/2020\/wp-content\/uploads\/2020\/01\/Light-Technician-3.jpg)\"><\/a><\/div><div class=\"data\"><p class=\"category\"><span>Technical<\/span><\/p><h4>Light Technician<\/h4><\/div><\/div><\/div><div class=\"rt-case-study-box-item technical col-lg-3 col-md-3 col-sm-2 col-xs-12\" style=\"padding:2.5px;\"><div class=\"holder\"><div class=\"pic\"><img decoding=\"async\" src=\"https:\/\/shiplife.org\/2020\/wp-content\/plugins\/radiantthemes-addons\/case-studies\/images\/blank-image-100x80.jpg\" alt=\"blank image\" width=\"100\" height=\"80\"><a class=\"holder\" href=\"https:\/\/shiplife.org\/2020\/case-studies\/automation-technician\/\" style=\"background-image:url(https:\/\/shiplife.org\/2020\/wp-content\/uploads\/2020\/01\/Automation-Technician01.jpg)\"><\/a><\/div><div class=\"data\"><p class=\"category\"><span>Technical<\/span><\/p><h4>Automation Technician<\/h4><\/div><\/div><\/div><div class=\"rt-case-study-box-item technical col-lg-3 col-md-3 col-sm-2 col-xs-12\" style=\"padding:2.5px;\"><div class=\"holder\"><div class=\"pic\"><img decoding=\"async\" src=\"https:\/\/shiplife.org\/2020\/wp-content\/plugins\/radiantthemes-addons\/case-studies\/images\/blank-image-100x80.jpg\" alt=\"blank image\" width=\"100\" height=\"80\"><a class=\"holder\" href=\"https:\/\/shiplife.org\/2020\/case-studies\/etm\/\" style=\"background-image:url(https:\/\/shiplife.org\/2020\/wp-content\/uploads\/2020\/01\/Technical-Manager-3.jpg)\"><\/a><\/div><div class=\"data\"><p class=\"category\"><span>Technical<\/span><\/p><h4>Ent. Technical Manager<\/h4><\/div><\/div><\/div><div class=\"rt-case-study-box-item entertainment col-lg-3 col-md-3 col-sm-2 col-xs-12\" style=\"padding:2.5px;\"><div class=\"holder\"><div class=\"pic\"><img decoding=\"async\" src=\"https:\/\/shiplife.org\/2020\/wp-content\/plugins\/radiantthemes-addons\/case-studies\/images\/blank-image-100x80.jpg\" alt=\"blank image\" width=\"100\" height=\"80\"><a class=\"holder\" href=\"https:\/\/shiplife.org\/2020\/case-studies\/cruise-staff\/\" style=\"background-image:url(https:\/\/shiplife.org\/2020\/wp-content\/uploads\/2020\/01\/CruiseStaff2.jpg)\"><\/a><\/div><div class=\"data\"><p class=\"category\"><span>Entertainment<\/span><\/p><h4>Cruise Staff<\/h4><\/div><\/div><\/div><div class=\"rt-case-study-box-item restaurant col-lg-3 col-md-3 col-sm-2 col-xs-12\" style=\"padding:2.5px;\"><div class=\"holder\"><div class=\"pic\"><img decoding=\"async\" src=\"https:\/\/shiplife.org\/2020\/wp-content\/plugins\/radiantthemes-addons\/case-studies\/images\/blank-image-100x80.jpg\" alt=\"blank image\" width=\"100\" height=\"80\"><a class=\"holder\" href=\"https:\/\/shiplife.org\/2020\/case-studies\/restaurant-hostess\/\" style=\"background-image:url(https:\/\/shiplife.org\/2020\/wp-content\/uploads\/2019\/05\/Restaurant-Hostess2.jpg)\"><\/a><\/div><div class=\"data\"><p class=\"category\"><span>Restaurant<\/span><\/p><h4>Restaurant Hostess<\/h4><\/div><\/div><\/div><div class=\"rt-case-study-box-item restaurant col-lg-3 col-md-3 col-sm-2 col-xs-12\" style=\"padding:2.5px;\"><div class=\"holder\"><div class=\"pic\"><img decoding=\"async\" src=\"https:\/\/shiplife.org\/2020\/wp-content\/plugins\/radiantthemes-addons\/case-studies\/images\/blank-image-100x80.jpg\" alt=\"blank image\" width=\"100\" height=\"80\"><a class=\"holder\" href=\"https:\/\/shiplife.org\/2020\/case-studies\/somellier\/\" style=\"background-image:url(https:\/\/shiplife.org\/2020\/wp-content\/uploads\/2019\/05\/Sommelier1.jpg)\"><\/a><\/div><div class=\"data\"><p class=\"category\"><span>Restaurant<\/span><\/p><h4>Sommelier<\/h4><\/div><\/div><\/div><div class=\"rt-case-study-box-item restaurant col-lg-3 col-md-3 col-sm-2 col-xs-12\" style=\"padding:2.5px;\"><div class=\"holder\"><div class=\"pic\"><img decoding=\"async\" src=\"https:\/\/shiplife.org\/2020\/wp-content\/plugins\/radiantthemes-addons\/case-studies\/images\/blank-image-100x80.jpg\" alt=\"blank image\" width=\"100\" height=\"80\"><a class=\"holder\" href=\"https:\/\/shiplife.org\/2020\/case-studies\/assistant-waiter\/\" style=\"background-image:url(https:\/\/shiplife.org\/2020\/wp-content\/uploads\/2019\/05\/AssWaiter3.jpg)\"><\/a><\/div><div class=\"data\"><p class=\"category\"><span>Restaurant<\/span><\/p><h4>Ass. Waiter<\/h4><\/div><\/div><\/div><div class=\"rt-case-study-box-item galley col-lg-3 col-md-3 col-sm-2 col-xs-12\" style=\"padding:2.5px;\"><div class=\"holder\"><div class=\"pic\"><img decoding=\"async\" src=\"https:\/\/shiplife.org\/2020\/wp-content\/plugins\/radiantthemes-addons\/case-studies\/images\/blank-image-100x80.jpg\" alt=\"blank image\" width=\"100\" height=\"80\"><a class=\"holder\" href=\"https:\/\/shiplife.org\/2020\/case-studies\/galley-utility\/\" style=\"background-image:url(https:\/\/shiplife.org\/2020\/wp-content\/uploads\/2019\/05\/Profession-Galley4.jpg)\"><\/a><\/div><div class=\"data\"><p class=\"category\"><span>Galley<\/span><\/p><h4>Galley Utility<\/h4><\/div><\/div><\/div><div class=\"rt-case-study-box-item technical col-lg-3 col-md-3 col-sm-2 col-xs-12\" style=\"padding:2.5px;\"><div class=\"holder\"><div class=\"pic\"><img decoding=\"async\" src=\"https:\/\/shiplife.org\/2020\/wp-content\/plugins\/radiantthemes-addons\/case-studies\/images\/blank-image-100x80.jpg\" alt=\"blank image\" width=\"100\" height=\"80\"><a class=\"holder\" href=\"https:\/\/shiplife.org\/2020\/case-studies\/broadcast-technician\/\" style=\"background-image:url(https:\/\/shiplife.org\/2020\/wp-content\/uploads\/2019\/05\/0.jpg)\"><\/a><\/div><div class=\"data\"><p class=\"category\"><span>Technical<\/span><\/p><h4>Broadcast Technician<\/h4><\/div><\/div><\/div><div class=\"rt-case-study-box-item technical col-lg-3 col-md-3 col-sm-2 col-xs-12\" style=\"padding:2.5px;\"><div class=\"holder\"><div class=\"pic\"><img decoding=\"async\" src=\"https:\/\/shiplife.org\/2020\/wp-content\/plugins\/radiantthemes-addons\/case-studies\/images\/blank-image-100x80.jpg\" alt=\"blank image\" width=\"100\" height=\"80\"><a class=\"holder\" href=\"https:\/\/shiplife.org\/2020\/case-studies\/audio-technician\/\" style=\"background-image:url(https:\/\/shiplife.org\/2020\/wp-content\/uploads\/2019\/05\/bg-entertainment07.jpg)\"><\/a><\/div><div class=\"data\"><p class=\"category\"><span>Technical<\/span><\/p><h4>Audio Technician<\/h4><\/div><\/div><\/div><div class=\"rt-case-study-box-item technical col-lg-3 col-md-3 col-sm-2 col-xs-12\" style=\"padding:2.5px;\"><div class=\"holder\"><div class=\"pic\"><img decoding=\"async\" src=\"https:\/\/shiplife.org\/2020\/wp-content\/plugins\/radiantthemes-addons\/case-studies\/images\/blank-image-100x80.jpg\" alt=\"blank image\" width=\"100\" height=\"80\"><a class=\"holder\" href=\"https:\/\/shiplife.org\/2020\/case-studies\/les-technician\/\" style=\"background-image:url(https:\/\/shiplife.org\/2020\/wp-content\/uploads\/2019\/05\/Audio-Technician03.jpg)\"><\/a><\/div><div class=\"data\"><p class=\"category\"><span>Technical<\/span><\/p><h4>LES Technician<\/h4><\/div><\/div><\/div><\/div>[\/vc_column][\/vc_row]<\/p>\n","protected":false},"excerpt":{"rendered":"<p>[vc_row css=&#8221;.vc_custom_1558734832131{margin-top: 40px !important;}&#8221;][vc_column][vc_custom_heading text=&#8221;PROFISS\u00d5ES&#8221; font_container=&#8221;tag:h1|font_size:42px|text_align:left&#8221; use_theme_fonts=&#8221;yes&#8221; css=&#8221;.vc_custom_1609077817456{margin-bottom: 20px !important;}&#8221;][vc_column_text] Nesta se\u00e7\u00e3o, voc\u00ea poder\u00e1 aprender mais sobre cada uma delas, quais s\u00e3o seus pap\u00e9is, quais s\u00e3o os requisitos a serem aplicados e o que se espera efetuar durante o hor\u00e1rio de trabalho, juntamente com seu sal\u00e1rio b\u00e1sico e a quantidade m\u00e9dia de horas trabalhadas por [&hellip;]<\/p>\n","protected":false},"author":1,"featured_media":0,"parent":10295,"menu_order":0,"comment_status":"closed","ping_status":"closed","template":"","meta":{"footnotes":""},"yst_prominent_words":[1511,624,1231,1220,1191,1174,1237,1239,1148,1230,1234,1233,1228,1139,1229,1232,1189,1238,1227],"class_list":["post-10301","page","type-page","status-publish","hentry"],"_links":{"self":[{"href":"https:\/\/shiplife.org\/2020\/wp-json\/wp\/v2\/pages\/10301","targetHints":{"allow":["GET"]}}],"collection":[{"href":"https:\/\/shiplife.org\/2020\/wp-json\/wp\/v2\/pages"}],"about":[{"href":"https:\/\/shiplife.org\/2020\/wp-json\/wp\/v2\/types\/page"}],"author":[{"embeddable":true,"href":"https:\/\/shiplife.org\/2020\/wp-json\/wp\/v2\/users\/1"}],"replies":[{"embeddable":true,"href":"https:\/\/shiplife.org\/2020\/wp-json\/wp\/v2\/comments?post=10301"}],"version-history":[{"count":6,"href":"https:\/\/shiplife.org\/2020\/wp-json\/wp\/v2\/pages\/10301\/revisions"}],"predecessor-version":[{"id":11854,"href":"https:\/\/shiplife.org\/2020\/wp-json\/wp\/v2\/pages\/10301\/revisions\/11854"}],"up":[{"embeddable":true,"href":"https:\/\/shiplife.org\/2020\/wp-json\/wp\/v2\/pages\/10295"}],"wp:attachment":[{"href":"https:\/\/shiplife.org\/2020\/wp-json\/wp\/v2\/media?parent=10301"}],"wp:term":[{"taxonomy":"yst_prominent_words","embeddable":true,"href":"https:\/\/shiplife.org\/2020\/wp-json\/wp\/v2\/yst_prominent_words?post=10301"}],"curies":[{"name":"wp","href":"https:\/\/api.w.org\/{rel}","templated":true}]}}