{"id":10303,"date":"2019-06-16T19:16:57","date_gmt":"2019-06-16T22:16:57","guid":{"rendered":"http:\/\/shiplife.org\/?page_id=10303"},"modified":"2019-06-16T21:06:22","modified_gmt":"2019-06-17T00:06:22","slug":"requirements","status":"publish","type":"page","link":"https:\/\/shiplife.org\/2020\/selection-process\/requirements\/?lang=pt-br","title":{"rendered":"Requerimentos B\u00e1sicos"},"content":{"rendered":"<p>[vc_row css=&#8221;.vc_custom_1558752047181{margin-top: 40px !important;}&#8221;][vc_column][vc_column_text]<\/p>\n<h2 style=\"text-align: left;\">REQUISITOS B\u00c1SICOS:<\/h2>\n<p>[\/vc_column_text][vc_column_text]<\/p>\n<p style=\"text-align: justify;\"><span style=\"font-size: 14pt;\">Todos os anos, milhares de pessoas pesquisam sobre como se candidatar a cruzeiros e iates, mas menos de 10% de todos os candidatos preenchem todos os requisitos b\u00e1sicos. Empresas em todo o mundo possuem condi\u00e7\u00f5es e padr\u00f5es diferentes, mas s\u00e3o os mais b\u00e1sicos que s\u00e3o realmente exigidos. Se voc\u00ea n\u00e3o bate com os requisitos, \u00e9 muito prov\u00e1vel que voc\u00ea n\u00e3o possa trabalhar a bordo. Mas confira os pontos b\u00e1sicos primeiro:<\/span><\/p>\n<p>&nbsp;<\/p>\n<p style=\"text-align: justify;\"><strong><span style=\"font-size: 14pt;\">E A\u00cd, VOC\u00ca TEM O QUE \u00c9 PRECISO?<\/span><\/strong><\/p>\n<p>[\/vc_column_text][\/vc_column][\/vc_row][vc_row equal_height=&#8221;yes&#8221; css=&#8221;.vc_custom_1558752632789{margin-bottom: 20px !important;border-top-width: 1px !important;border-right-width: 1px !important;border-bottom-width: 1px !important;border-left-width: 1px !important;padding-right: 10px !important;padding-left: 10px !important;background-color: #e3f9f9 !important;border-left-color: #020202 !important;border-left-style: solid !important;border-right-color: #020202 !important;border-right-style: solid !important;border-top-color: #020202 !important;border-top-style: solid !important;border-bottom-color: #020202 !important;border-bottom-style: solid !important;}&#8221;][vc_column][vc_row_inner][vc_column_inner width=&#8221;1\/4&#8243;][vc_single_image image=&#8221;9326&#8243; img_size=&#8221;full&#8221; alignment=&#8221;center&#8221; style=&#8221;vc_box_shadow_3d&#8221;][\/vc_column_inner][vc_column_inner width=&#8221;3\/4&#8243;][vc_column_text]<\/p>\n<h4>Voc\u00ea precisa falar ingl\u00eas, mesmo que o idioma oficial da companhia seja outro.<\/h4>\n<p>&nbsp;<\/p>\n<p style=\"text-align: justify;\"><span style=\"font-size: 14pt;\">Voc\u00ea \u00e9 de um pa\u00eds onde a l\u00edngua oficial \u00e9 o Ingl\u00eas? Se sim, \u00f3timo! Caso contr\u00e1rio, voc\u00ea deve passar em um exame de ingl\u00eas e obter pelo menos 70% de profici\u00eancia para posi\u00e7\u00f5es b\u00e1sicas de baixo n\u00edvel, e de 90% para cima para posi\u00e7\u00f5es que tenham contato direto com os passageiros.<\/span><\/p>\n<p>&nbsp;<\/p>\n<p style=\"text-align: justify;\"><span style=\"font-size: 14pt;\">As empresas usam uma plataforma on-line chamada Marlin&#8217;s Test, cujo certificado \u00e9 aceito em todas as cias de cruzeiro do mundo. Custa 20 d\u00f3lares e n\u00e3o expira. Al\u00e9m disso, as companhias t\u00eam o direito de lhe testar a qualquer momento durante o embarque para confirmar seu n\u00edvel de profici\u00eancia.<\/span><\/p>\n<p>&nbsp;<\/p>\n<p style=\"text-align: justify;\"><span style=\"color: #ff0000;\">Algumas companhias como a AIDA, Phoenix e TUI focam principalmente em passageiros Alem\u00e3es, enquanto outras como a Dream Cruises focam em passageiros Chineses. Mesmo para estas companhias, voc\u00ea necessita saber se comunicar em ingl\u00eas tamb\u00e9m.<br \/>\n<\/span><\/p>\n<p>[\/vc_column_text][\/vc_column_inner][\/vc_row_inner][\/vc_column][\/vc_row][vc_row equal_height=&#8221;yes&#8221; css=&#8221;.vc_custom_1558752632789{margin-bottom: 20px !important;border-top-width: 1px !important;border-right-width: 1px !important;border-bottom-width: 1px !important;border-left-width: 1px !important;padding-right: 10px !important;padding-left: 10px !important;background-color: #e3f9f9 !important;border-left-color: #020202 !important;border-left-style: solid !important;border-right-color: #020202 !important;border-right-style: solid !important;border-top-color: #020202 !important;border-top-style: solid !important;border-bottom-color: #020202 !important;border-bottom-style: solid !important;}&#8221;][vc_column][vc_row_inner][vc_column_inner width=&#8221;1\/4&#8243;][vc_single_image image=&#8221;9329&#8243; img_size=&#8221;full&#8221; alignment=&#8221;center&#8221; style=&#8221;vc_box_shadow_3d&#8221;][\/vc_column_inner][vc_column_inner width=&#8221;3\/4&#8243;][vc_column_text]<\/p>\n<h4>Voc\u00ea precisa estar em \u00f3tima forma f\u00edsica<\/h4>\n<p>&nbsp;<\/p>\n<p style=\"text-align: justify;\"><span style=\"font-size: 14pt;\">Os exames m\u00e9dicos n\u00e3o apenas garantem a boa forma do tripulante, como tamb\u00e9m protegem o interesse e as responsabilidades das companhias de cruzeiros. Existem alguns quesitos que eliminam o candidato logo de cara, outros que v\u00e3o ser descobertos ap\u00f3s os exames. Possuir alguns tipos de alergias graves ou depend\u00eancias, como por exemplo fazer uso de uma epi-pen ou mesmo um simples inalador para asma tamb\u00e9m podem fazer com que o candidato seja eliminado. Ainda, o certificado m\u00e9dico n\u00e3o vai ser autorizado se o candidato estiver com problemas dent\u00e1rios.<\/span><\/p>\n<p>&nbsp;<\/p>\n<p style=\"text-align: justify;\"><span style=\"font-size: 14pt;\">Esteja preparado(a) para testes de baf\u00f4metro e de uso de drogas, assim como perguntas psicol\u00f3gicas como problemas em casa, amorosos, se voc\u00ea sente saudades da sua fam\u00edlia quando viaja, se j\u00e1 teve pensamentos suicidas, falta de concentra\u00e7\u00e3o ou se faz uso de alguma medica\u00e7\u00e3o controlada tamb\u00e9m faz parte dos exames.<\/span><\/p>\n<p>[\/vc_column_text][\/vc_column_inner][\/vc_row_inner][\/vc_column][\/vc_row][vc_row equal_height=&#8221;yes&#8221; css=&#8221;.vc_custom_1558752632789{margin-bottom: 20px !important;border-top-width: 1px !important;border-right-width: 1px !important;border-bottom-width: 1px !important;border-left-width: 1px !important;padding-right: 10px !important;padding-left: 10px !important;background-color: #e3f9f9 !important;border-left-color: #020202 !important;border-left-style: solid !important;border-right-color: #020202 !important;border-right-style: solid !important;border-top-color: #020202 !important;border-top-style: solid !important;border-bottom-color: #020202 !important;border-bottom-style: solid !important;}&#8221;][vc_column][vc_row_inner][vc_column_inner width=&#8221;1\/4&#8243;][vc_single_image image=&#8221;9332&#8243; img_size=&#8221;full&#8221; alignment=&#8221;center&#8221; style=&#8221;vc_box_shadow_3d&#8221;][\/vc_column_inner][vc_column_inner width=&#8221;3\/4&#8243;][vc_column_text]<\/p>\n<h4>Saber a diferen\u00e7a entre viajar e trabalhar em cruzeiros<\/h4>\n<p>&nbsp;<\/p>\n<p style=\"text-align: justify;\"><span style=\"font-size: 14pt;\">Algo que \u00e9 perguntado com muita frequ\u00eancia \u00e9 se os tripulantes possuem dias de folga. Bem, talvez isso te choque, mas a resposta \u00e9 absolutamente n\u00e3o. Enquanto trabalhando em navios, muitos tripulantes passam at\u00e9 12 horas em servi\u00e7o por dia, todos os dias, durante todo o contrato que pode variar de quatro a dez meses de dura\u00e7\u00e3o.<br \/>\n<\/span><\/p>\n<p>&nbsp;<\/p>\n<p style=\"text-align: justify;\"><span style=\"font-size: 14pt;\">Ademais, haver\u00e1 situa\u00e7\u00f5es em que voc\u00ea n\u00e3o poder\u00e1 sair do navio por estar trabalhando ou por haver drill, que s\u00e3o simula\u00e7\u00f5es de emerg\u00eancia das quais todos devem participar. Ainda, algumas nacionalidades n\u00e3o podem sair do navio quando o mesmo atraca nos portos dos Estados Unidos.<br \/>\n<\/span><\/p>\n<p>[\/vc_column_text][\/vc_column_inner][\/vc_row_inner][\/vc_column][\/vc_row][vc_row equal_height=&#8221;yes&#8221; css=&#8221;.vc_custom_1558752632789{margin-bottom: 20px !important;border-top-width: 1px !important;border-right-width: 1px !important;border-bottom-width: 1px !important;border-left-width: 1px !important;padding-right: 10px !important;padding-left: 10px !important;background-color: #e3f9f9 !important;border-left-color: #020202 !important;border-left-style: solid !important;border-right-color: #020202 !important;border-right-style: solid !important;border-top-color: #020202 !important;border-top-style: solid !important;border-bottom-color: #020202 !important;border-bottom-style: solid !important;}&#8221;][vc_column][vc_row_inner][vc_column_inner width=&#8221;1\/4&#8243;][vc_single_image image=&#8221;9323&#8243; img_size=&#8221;full&#8221; alignment=&#8221;center&#8221; style=&#8221;vc_box_shadow_3d&#8221;][\/vc_column_inner][vc_column_inner width=&#8221;3\/4&#8243;][vc_column_text]<\/p>\n<h4>Existe um limite de idade<\/h4>\n<p>&nbsp;<\/p>\n<p style=\"text-align: justify;\"><span style=\"font-size: 14pt;\">Se voc\u00ea tem mais de dezoito anos, mas ainda tem menos de 21, talvez seja melhor esperar alguns anos e investir em suas habilidades pessoais antes de aplicar para vagas. Isso porque apenas duas companhias em todo o mundo (onde existem mais de 80) aceitam candidatos com menos de 21 anos de idade. Se voc\u00ea tem mais de 21, \u00f3timo, voc\u00ea tem o que \u00e9 preciso!<\/span><\/p>\n<p>&nbsp;<\/p>\n<p style=\"text-align: justify;\"><span style=\"font-size: 14pt;\">Uma de nossas perguntas mais frequentes \u00e9 se h\u00e1 um limite de idade. E sim, h\u00e1: Muitas cias permitir\u00e3o que voc\u00ea trabalhe at\u00e9 os 65 anos, mas voc\u00ea dever\u00e1 ser contratado antes de completar entre 50 e 55. N\u00e3o h\u00e1 nenhuma empresa no mundo que contrate candidatos com mais de 55 anos sem experi\u00eancia pr\u00e9via em navios de cruzeiro.<\/span><\/p>\n<p>\u00a0[\/vc_column_text][\/vc_column_inner][\/vc_row_inner][\/vc_column][\/vc_row][vc_row equal_height=&#8221;yes&#8221; css=&#8221;.vc_custom_1558752632789{margin-bottom: 20px !important;border-top-width: 1px !important;border-right-width: 1px !important;border-bottom-width: 1px !important;border-left-width: 1px !important;padding-right: 10px !important;padding-left: 10px !important;background-color: #e3f9f9 !important;border-left-color: #020202 !important;border-left-style: solid !important;border-right-color: #020202 !important;border-right-style: solid !important;border-top-color: #020202 !important;border-top-style: solid !important;border-bottom-color: #020202 !important;border-bottom-style: solid !important;}&#8221;][vc_column][vc_row_inner][vc_column_inner width=&#8221;1\/4&#8243;][vc_single_image image=&#8221;9335&#8243; img_size=&#8221;full&#8221; alignment=&#8221;center&#8221; style=&#8221;vc_box_shadow_3d&#8221;][\/vc_column_inner][vc_column_inner width=&#8221;3\/4&#8243;][vc_column_text]<\/p>\n<h4>Voc\u00ea vai ficar no M\u00cdNIMO seis meses longe de casa<\/h4>\n<p>&nbsp;<\/p>\n<p style=\"text-align: justify;\"><span style=\"font-size: 14pt;\">N\u00f3s entendemos, voc\u00ea gosta da sua fam\u00edlia e gostaria de estar perto deles o tempo todo. Esta <strong>n\u00e3o \u00e9 uma op\u00e7\u00e3o<\/strong> aqui, pois os cruzeiros s\u00e3o caros, mesmo com descontos para a tripula\u00e7\u00e3o. Ent\u00e3o voc\u00ea deve ser capaz de dizer adeus e at\u00e9 mais tarde para sua fam\u00edlia, amigos, filhos, sua noiva e assim por diante. N\u00e3o se preocupe, voc\u00ea pode obter novos a bordo!<\/span><\/p>\n<p>&nbsp;<\/p>\n<p style=\"text-align: justify;\"><span style=\"font-size: 14pt;\">A verdade \u00e9 que, embora haja uma boa parte da popula\u00e7\u00e3o a bordo que trabalhe para economizar dinheiro ou mandar dinheiro para casa para suas fam\u00edlias, a maioria das pessoas que trabalham a bordo n\u00e3o \u00e9 muito pr\u00f3xima de seus parentes de sangue e ama o #SHIPLIFE porque eles t\u00eam pr\u00f3pria &#8220;casa&#8221; a bordo, com uma fam\u00edlia diferente a cada contrato, fazendo amigos para a vida ao longo do caminho.<br \/>\n<\/span><\/p>\n<p>[\/vc_column_text][\/vc_column_inner][\/vc_row_inner][\/vc_column][\/vc_row]<\/p>\n","protected":false},"excerpt":{"rendered":"<p>[vc_row css=&#8221;.vc_custom_1558752047181{margin-top: 40px !important;}&#8221;][vc_column][vc_column_text] REQUISITOS B\u00c1SICOS: [\/vc_column_text][vc_column_text] Todos os anos, milhares de pessoas pesquisam sobre como se candidatar a cruzeiros e iates, mas menos de 10% de todos os candidatos preenchem todos os requisitos b\u00e1sicos. Empresas em todo o mundo possuem condi\u00e7\u00f5es e padr\u00f5es diferentes, mas s\u00e3o os mais b\u00e1sicos que s\u00e3o realmente exigidos. Se [&hellip;]<\/p>\n","protected":false},"author":1,"featured_media":0,"parent":10295,"menu_order":0,"comment_status":"closed","ping_status":"closed","template":"","meta":{"footnotes":""},"yst_prominent_words":[1494,1354,1215,1208,1201,1213,1204,1139,1214,1210,1205,1200,1212,1203,1199,1209,1207,1189,1206,1211,1202,1198],"class_list":["post-10303","page","type-page","status-publish","hentry"],"_links":{"self":[{"href":"https:\/\/shiplife.org\/2020\/wp-json\/wp\/v2\/pages\/10303","targetHints":{"allow":["GET"]}}],"collection":[{"href":"https:\/\/shiplife.org\/2020\/wp-json\/wp\/v2\/pages"}],"about":[{"href":"https:\/\/shiplife.org\/2020\/wp-json\/wp\/v2\/types\/page"}],"author":[{"embeddable":true,"href":"https:\/\/shiplife.org\/2020\/wp-json\/wp\/v2\/users\/1"}],"replies":[{"embeddable":true,"href":"https:\/\/shiplife.org\/2020\/wp-json\/wp\/v2\/comments?post=10303"}],"version-history":[{"count":5,"href":"https:\/\/shiplife.org\/2020\/wp-json\/wp\/v2\/pages\/10303\/revisions"}],"predecessor-version":[{"id":10426,"href":"https:\/\/shiplife.org\/2020\/wp-json\/wp\/v2\/pages\/10303\/revisions\/10426"}],"up":[{"embeddable":true,"href":"https:\/\/shiplife.org\/2020\/wp-json\/wp\/v2\/pages\/10295"}],"wp:attachment":[{"href":"https:\/\/shiplife.org\/2020\/wp-json\/wp\/v2\/media?parent=10303"}],"wp:term":[{"taxonomy":"yst_prominent_words","embeddable":true,"href":"https:\/\/shiplife.org\/2020\/wp-json\/wp\/v2\/yst_prominent_words?post=10303"}],"curies":[{"name":"wp","href":"https:\/\/api.w.org\/{rel}","templated":true}]}}