{"id":10304,"date":"2019-06-16T19:16:59","date_gmt":"2019-06-16T22:16:59","guid":{"rendered":"http:\/\/shiplife.org\/?page_id=10304"},"modified":"2020-10-28T21:22:59","modified_gmt":"2020-10-29T00:22:59","slug":"safety-trainings","status":"publish","type":"page","link":"https:\/\/shiplife.org\/2020\/selection-process\/safety-trainings\/?lang=pt-br","title":{"rendered":"Treinamentos de Seguran\u00e7a"},"content":{"rendered":"<p>[vc_row css=&#8221;.vc_custom_1558763375022{margin-top: 40px !important;}&#8221;][vc_column][vc_column_text]<\/p>\n<h2>TREINAMENTOS DE SEGURAN\u00c7A<\/h2>\n<p>[\/vc_column_text][vc_row_inner][vc_column_inner width=&#8221;3\/4&#8243;][vc_column_text]<\/p>\n<p style=\"text-align: justify;\"><span style=\"font-size: 14pt;\">Antes mesmo de come\u00e7armos a mencionar os treinamentos de seguran\u00e7a necess\u00e1rios, <strong>verifique se a empresa que voc\u00ea est\u00e1 aplicando oferece esses treinamentos a bordo gratuitamente<\/strong>. Esses treinamentos s\u00e3o muito caros, e mesmo que sejam aceitos a bordo, as companhias podem te obrigar a refazer os mesmos a bordo. Portanto, informe-se primeiro! Lembrando que voc\u00ea sempre pode verificar a <a href=\"https:\/\/shiplife.org\/cruise-lines\/?lang=pt-br\">lista completa das Companhias de Cruzeiros<\/a>.<\/span><\/p>\n<p>&nbsp;<\/p>\n<p style=\"text-align: justify;\"><span style=\"font-size: 14pt;\">As empresas n\u00e3o reembolsam nenhum dos custos dos treinamentos de seguran\u00e7a. Por isso n\u00e3o pense em investir em um apenas como um atrativo no seu curr\u00edculo! Fa\u00e7a as entrevistas primeiro e em caso de aprova\u00e7\u00e3o, <strong><span style=\"color: #800000;\">somente em caso de aprova\u00e7\u00e3o<\/span><\/strong>, realize os treinamentos.<br \/>\n<\/span><\/p>\n<p>[\/vc_column_text][\/vc_column_inner][vc_column_inner width=&#8221;1\/4&#8243;][vc_single_image image=&#8221;9391&#8243; img_size=&#8221;full&#8221; alignment=&#8221;center&#8221; style=&#8221;vc_box_circle_2&#8243;][\/vc_column_inner][\/vc_row_inner][\/vc_column][\/vc_row][vc_row css=&#8221;.vc_custom_1603930762945{margin-bottom: 30px !important;border-top-width: 1px !important;border-right-width: 1px !important;border-bottom-width: 1px !important;border-left-width: 1px !important;padding-right: 20px !important;padding-left: 10px !important;border-left-color: #020202 !important;border-left-style: dashed !important;border-right-color: #020202 !important;border-right-style: dashed !important;border-top-color: #020202 !important;border-top-style: dashed !important;border-bottom-color: #020202 !important;border-bottom-style: dashed !important;}&#8221;][vc_column][vc_column_text]<\/p>\n<h2 style=\"text-align: left;\">CBSN<\/h2>\n<p>[\/vc_column_text][vc_column_text css=&#8221;.vc_custom_1603928726294{margin-top: -40px !important;}&#8221;]Curso B\u00e1sico de Seguran\u00e7a de Navio[\/vc_column_text][vc_row_inner][vc_column_inner width=&#8221;1\/3&#8243;][vc_single_image image=&#8221;9388&#8243; img_size=&#8221;full&#8221; alignment=&#8221;center&#8221; style=&#8221;vc_box_border&#8221;][\/vc_column_inner][vc_column_inner width=&#8221;2\/3&#8243;][vc_column_text]<\/p>\n<p style=\"text-align: justify;\"><span style=\"font-size: 14pt;\">Este \u00e9 o curso obrigat\u00f3rio para todos os profissionais mar\u00edtimos a bordo de navios de cruzeiros e inclui aprendizagem sobre seguran\u00e7a pessoal, responsabilidade social, primeiros socorros, preven\u00e7\u00e3o de inc\u00eandios, combate a inc\u00eandios, t\u00e9cnicas de sobreviv\u00eancia e como sobreviver no mar de forma geral. A dura\u00e7\u00e3o total do curso \u00e9 de 40 horas e de acordo com a legisla\u00e7\u00e3o mar\u00edtima internacional, tem um per\u00edodo de validade de cinco anos, do qual o mesmo certificado pode ser utilizado in\u00fameras vezes.<\/span><\/p>\n<p>[\/vc_column_text][\/vc_column_inner][\/vc_row_inner][vc_column_text]<\/p>\n<p style=\"text-align: justify;\"><span style=\"font-size: 14pt;\">Ao contr\u00e1rio dos Exames M\u00e9dicos, Vistos e Passaporte, o certificado pode ser utilizado mesmo ap\u00f3s ter expirado, desde que o tripulante esteja embarcado durante a data de expira\u00e7\u00e3o. Embarcar com um certificado vencido no entanto n\u00e3o \u00e9 poss\u00edvel.<\/span><\/p>\n<p>&nbsp;<\/p>\n<p style=\"text-align: justify;\"><span style=\"font-size: 14pt;\">O curso de revalida\u00e7\u00e3o do CBSN possui carga hor\u00e1ria reduzida e em muitas companhias de cruzeiros que d\u00e3o o curso a bordo de forma gratuita apenas ministram um teste escrito como forma de renova\u00e7\u00e3o. As companhias entendem que os tripulantes permanecem a bordo durante meses praticando e participando de diversos treinamentos e simula\u00e7\u00f5es de emerg\u00eancia e por isso aplicam somente o teste, sem treinamento presencial.<\/span><\/p>\n<p>&nbsp;<\/p>\n<p style=\"text-align: justify;\"><span style=\"font-size: 14pt;\">Desde o in\u00edcio de 2017, o certificado deve conter o seu nome completo, n\u00famero de identifica\u00e7\u00e3o, foto do perfil e um adesivo com seu n\u00famero de identifica\u00e7\u00e3o e n\u00famero do certificado. Sem eles, o certificado n\u00e3o \u00e9 v\u00e1lido. Al\u00e9m disso, lembre-se de que, como qualquer documento oficial, voc\u00ea n\u00e3o pode plastific\u00e1-lo.<\/span><\/p>\n<p>[\/vc_column_text][\/vc_column][\/vc_row][vc_row css=&#8221;.vc_custom_1603930743697{margin-bottom: 30px !important;border-top-width: 1px !important;border-right-width: 1px !important;border-bottom-width: 1px !important;border-left-width: 1px !important;padding-right: 20px !important;padding-left: 10px !important;background-color: #f4f4f4 !important;border-left-color: #020202 !important;border-left-style: dashed !important;border-right-color: #020202 !important;border-right-style: dashed !important;border-top-color: #020202 !important;border-top-style: dashed !important;border-bottom-color: #020202 !important;border-bottom-style: dashed !important;}&#8221;][vc_column][vc_column_text]<\/p>\n<h2 style=\"text-align: left;\">CBFN (Ship Security Awareness)<\/h2>\n<p>[\/vc_column_text][vc_column_text css=&#8221;.vc_custom_1603930673553{margin-top: -40px !important;}&#8221;]Curso de Familiariza\u00e7\u00e3o de Prote\u00e7\u00e3o de Navio[\/vc_column_text][vc_row_inner][vc_column_inner width=&#8221;1\/3&#8243;][vc_single_image image=&#8221;9382&#8243; img_size=&#8221;full&#8221; alignment=&#8221;center&#8221; style=&#8221;vc_box_border&#8221;][\/vc_column_inner][vc_column_inner width=&#8221;2\/3&#8243;][vc_column_text]<\/p>\n<p style=\"text-align: justify;\"><span style=\"font-size: 14pt;\">Este curso proporciona ao aluno conhecimentos m\u00ednimos de familiariza\u00e7\u00e3o sobre prote\u00e7\u00e3o do navio, que dever\u00e3o ser aplicados a bordo em situa\u00e7\u00f5es de emerg\u00eancia. Por tratar da parte de prote\u00e7\u00e3o contra amea\u00e7as externas, esse curso veio a ser conhecido informalmente como o curso de anti-pirataria ou anti-terrorismo abordo. Este curso \u00e9 conhecido internacionalmente como Ship Security Awareness (SSA) e <strong>ao contr\u00e1rio do que muitas ag\u00eancias <span style=\"color: #800000;\">brasileiras<\/span> afirmam, nunca expira!<\/strong> O mesmo certificado pode ser utilizado pelo mesmo tripulante em diversos contratos e em diferentes companhias.<\/span><\/p>\n<p>[\/vc_column_text][\/vc_column_inner][\/vc_row_inner][\/vc_column][\/vc_row][vc_row css=&#8221;.vc_custom_1603930726456{margin-bottom: 30px !important;border-top-width: 1px !important;border-right-width: 1px !important;border-bottom-width: 1px !important;border-left-width: 1px !important;padding-right: 20px !important;padding-left: 10px !important;border-left-color: #020202 !important;border-left-style: dashed !important;border-right-color: #020202 !important;border-right-style: dashed !important;border-top-color: #020202 !important;border-top-style: dashed !important;border-bottom-color: #020202 !important;border-bottom-style: dashed !important;}&#8221;][vc_column][vc_column_text]<\/p>\n<h2 style=\"text-align: left;\">CESS (PSCRB)<\/h2>\n<p>[\/vc_column_text][vc_column_text css=&#8221;.vc_custom_1603929969774{margin-top: -40px !important;}&#8221;]Curso de Embarca\u00e7\u00f5es de Sobreviv\u00eancia e Salvamento[\/vc_column_text][vc_row_inner][vc_column_inner width=&#8221;1\/3&#8243;][vc_single_image image=&#8221;9385&#8243; img_size=&#8221;full&#8221; alignment=&#8221;center&#8221; style=&#8221;vc_box_border&#8221;][\/vc_column_inner][vc_column_inner width=&#8221;2\/3&#8243;][vc_column_text]<\/p>\n<p style=\"text-align: justify;\"><span style=\"font-size: 14pt;\">Antes de falarmos sobre este curso, \u00e9 importante deixar bem claro que ele <strong>n\u00e3o \u00e9 obrigat\u00f3rio<\/strong>, apenas algumas companhias requerem o mesmo, e em <strong>suma maioria oferecem o mesmo a bordo e de gra\u00e7a<\/strong>.<\/span><\/p>\n<p>&nbsp;<\/p>\n<p style=\"text-align: justify;\"><span style=\"font-size: 14pt;\">Este curso prepara a tripula\u00e7\u00e3o para o lan\u00e7amento e manuseio de embarca\u00e7\u00f5es de sobreviv\u00eancia (baleeiras) excluindo as Embarca\u00e7\u00f5es R\u00e1pidas de Resgate, em situa\u00e7\u00f5es de emerg\u00eancia. O curso \u00e9 composto de uma s\u00e9rie de exerc\u00edcios pr\u00e1ticos utilizando uma baleeira para criar confian\u00e7a, compet\u00eancia e conhecimento dos procedimentos de seguran\u00e7a.<\/span><\/p>\n<p>[\/vc_column_text][\/vc_column_inner][\/vc_row_inner][\/vc_column][\/vc_row]<\/p>\n","protected":false},"excerpt":{"rendered":"<p>[vc_row css=&#8221;.vc_custom_1558763375022{margin-top: 40px !important;}&#8221;][vc_column][vc_column_text] TREINAMENTOS DE SEGURAN\u00c7A [\/vc_column_text][vc_row_inner][vc_column_inner width=&#8221;3\/4&#8243;][vc_column_text] Antes mesmo de come\u00e7armos a mencionar os treinamentos de seguran\u00e7a necess\u00e1rios, verifique se a empresa que voc\u00ea est\u00e1 aplicando oferece esses treinamentos a bordo gratuitamente. Esses treinamentos s\u00e3o muito caros, e mesmo que sejam aceitos a bordo, as companhias podem te obrigar a refazer os mesmos [&hellip;]<\/p>\n","protected":false},"author":1,"featured_media":0,"parent":10295,"menu_order":0,"comment_status":"closed","ping_status":"closed","template":"","meta":{"footnotes":""},"yst_prominent_words":[2682],"class_list":["post-10304","page","type-page","status-publish","hentry"],"_links":{"self":[{"href":"https:\/\/shiplife.org\/2020\/wp-json\/wp\/v2\/pages\/10304","targetHints":{"allow":["GET"]}}],"collection":[{"href":"https:\/\/shiplife.org\/2020\/wp-json\/wp\/v2\/pages"}],"about":[{"href":"https:\/\/shiplife.org\/2020\/wp-json\/wp\/v2\/types\/page"}],"author":[{"embeddable":true,"href":"https:\/\/shiplife.org\/2020\/wp-json\/wp\/v2\/users\/1"}],"replies":[{"embeddable":true,"href":"https:\/\/shiplife.org\/2020\/wp-json\/wp\/v2\/comments?post=10304"}],"version-history":[{"count":6,"href":"https:\/\/shiplife.org\/2020\/wp-json\/wp\/v2\/pages\/10304\/revisions"}],"predecessor-version":[{"id":11735,"href":"https:\/\/shiplife.org\/2020\/wp-json\/wp\/v2\/pages\/10304\/revisions\/11735"}],"up":[{"embeddable":true,"href":"https:\/\/shiplife.org\/2020\/wp-json\/wp\/v2\/pages\/10295"}],"wp:attachment":[{"href":"https:\/\/shiplife.org\/2020\/wp-json\/wp\/v2\/media?parent=10304"}],"wp:term":[{"taxonomy":"yst_prominent_words","embeddable":true,"href":"https:\/\/shiplife.org\/2020\/wp-json\/wp\/v2\/yst_prominent_words?post=10304"}],"curies":[{"name":"wp","href":"https:\/\/api.w.org\/{rel}","templated":true}]}}