{"id":10380,"date":"2019-06-16T19:46:36","date_gmt":"2019-06-16T22:46:36","guid":{"rendered":"http:\/\/shiplife.org\/?page_id=10380"},"modified":"2021-02-07T13:32:51","modified_gmt":"2021-02-07T15:32:51","slug":"frequently-asked-questions","status":"publish","type":"page","link":"https:\/\/shiplife.org\/2020\/frequently-asked-questions\/?lang=pt-br","title":{"rendered":"Perguntas Frequentes"},"content":{"rendered":"<p>[vc_row css=&#8221;.vc_custom_1558331465186{margin-top: 40px !important;}&#8221;][vc_column][vc_column_text]<\/p>\n<h1 style=\"text-align: center;\">Perguntas Frequentes<\/h1>\n<p>[\/vc_column_text][\/vc_column][\/vc_row][vc_row][vc_column][vc_column_text]<\/p>\n<h3 style=\"text-align: left;\">Perguntas gerais:<\/h3>\n<p>[\/vc_column_text]<div class=\"rt-accordion element-one  \"  ><div class=\"rt-accordion-item\"><div class=\"rt-accordion-item-title\"><div class=\"rt-accordion-item-title-icon\"><i class=\"fa fa-angle-down\"><\/i><\/div><h4 class=\"panel-title\">Por que trabalhar em cruzeiros?<\/h4><\/div><div class=\"rt-accordion-item-body\"><\/p>\n<p style=\"text-align: justify;\"><span style=\"font-size: 14pt; color: #003366;\">Bem, a maioria de n\u00f3s faz isso por causa do dinheiro. Mas h\u00e1 tamb\u00e9m outros benef\u00edcios como: n\u00e3o pagar aluguel, n\u00e3o desperdi\u00e7ar dinheiro em contas, quantidade ilimitada de comida, \u00e1gua e sucos, oportunidade de viajar pelo mundo (ou pelo menos \u00e9 destinos mais populares), aprender ou melhorar uma l\u00edngua estrangeira e claro, aumentar suas habilidades ou aprender uma nova profiss\u00e3o a bordo. \u00c9 um estilo de vida!<\/span><\/p>\n<p><\/div><\/div><div class=\"rt-accordion-item\"><div class=\"rt-accordion-item-title\"><div class=\"rt-accordion-item-title-icon\"><i class=\"fa fa-angle-down\"><\/i><\/div><h4 class=\"panel-title\">Quais s\u00e3o os requerimentos para se trabalhar a bordo?<\/h4><\/div><div class=\"rt-accordion-item-body\"><\/p>\n<p style=\"text-align: justify;\"><span style=\"font-size: 14pt; color: #003366;\">Confira nossa p\u00e1gina de <a href=\"https:\/\/shiplife.org\/selection-process\/requirements\/?lang=pt-br\">requisitos b\u00e1sicos<\/a>! Mas encurtado, voc\u00ea deve ter mais de 18 anos ou o m\u00e1ximo de 55 anos, vai precisar passar um teste de profici\u00eancia em ingl\u00eas e marcar um m\u00ednimo de 70%, em boas condi\u00e7\u00f5es de sa\u00fade e livre de drogas. Com muita disposi\u00e7\u00e3o para trabalhar pelo menos dez horas por dia, todos os dias durante pelo menos seis meses e por at\u00e9 nove.<br \/>\n<\/span><\/p>\n<p><\/div><\/div><div class=\"rt-accordion-item\"><div class=\"rt-accordion-item-title\"><div class=\"rt-accordion-item-title-icon\"><i class=\"fa fa-angle-down\"><\/i><\/div><h4 class=\"panel-title\">Posso levar minha fam\u00edlia num cruzeiro?<\/h4><\/div><div class=\"rt-accordion-item-body\"><\/p>\n<p style=\"text-align: justify;\"><span style=\"font-size: 14pt; color: #003366;\">A maioria das empresas de cruzeiros tem descontos para a tripula\u00e7\u00e3o ou programas familiares para que a sua fam\u00edlia possa viajar com desconto, mas isso nunca se aplica ao seu primeiro contrato e voc\u00ea ainda ser\u00e1 cobrado por todas as despesas com impostos e taxas de manuseio. Al\u00e9m disso, cabe \u00e0 empresa de cruzeiros permitir que os membros da fam\u00edlia visitem as \u00e1reas da tripula\u00e7\u00e3o ou n\u00e3o.<\/span><\/p>\n<p><\/div><\/div><div class=\"rt-accordion-item\"><div class=\"rt-accordion-item-title\"><div class=\"rt-accordion-item-title-icon\"><i class=\"fa fa-angle-down\"><\/i><\/div><h4 class=\"panel-title\">Por que voc\u00eas usam sempre uma hashtag?<\/h4><\/div><div class=\"rt-accordion-item-body\"><\/p>\n<p style=\"text-align: justify;\"><span style=\"font-size: 14pt; color: #003366;\">Para pessoas de fora pode parecer est\u00fapido, mas essa \u00e9 a express\u00e3o internacional a ser usada quando se trabalha a bordo de navios em geral. Existem algumas coisas que n\u00e3o acontecem em nenhum outro lugar do mundo, exceto dentro de um navio. Al\u00e9m disso, na era das m\u00eddias sociais, podemos facilmente encontrar conte\u00fado usando a hashtag, como este site.<\/span><\/p>\n<p><\/div><\/div><div class=\"rt-accordion-item\"><div class=\"rt-accordion-item-title\"><div class=\"rt-accordion-item-title-icon\"><i class=\"fa fa-angle-down\"><\/i><\/div><h4 class=\"panel-title\">Quem fez o site?<\/h4><\/div><div class=\"rt-accordion-item-body\"><\/p>\n<p style=\"text-align: justify;\"><span style=\"font-size: 14pt; color: #003366;\">Bem, primeiro de tudo confira nossa p\u00e1gina <a href=\"https:\/\/shiplife.org\/sobre\/?lang=pt-br\">Sobre<\/a>! Mas deixe-me dizer agora que todos da nossa equipe eram ou ainda s\u00e3o membros da tripula\u00e7\u00e3o que trabalham para diferentes linhas de cruzeiro e alguns de n\u00f3s at\u00e9 mesmo em cruzeiros fluviais e iates.<\/span><\/p>\n<p><\/div><\/div><div class=\"rt-accordion-item\"><div class=\"rt-accordion-item-title\"><div class=\"rt-accordion-item-title-icon\"><i class=\"fa fa-angle-down\"><\/i><\/div><h4 class=\"panel-title\">Quanto voc\u00eas cobram para ... ?<\/h4><\/div><div class=\"rt-accordion-item-body\"><\/p>\n<p style=\"text-align: justify;\"><span style=\"font-size: 14pt; color: #003366;\">N\u00e3o cobramos nada porque n\u00e3o revisamos os curr\u00edculos nem aceitamos dinheiro para ajud\u00e1-lo ou a qualquer outra coisa. Tudo o que voc\u00ea precisa saber sobre a vida e o trabalho a bordo de navios de cruzeiro j\u00e1 \u00e9 exibido neste site, gratuitamente (e sempre ser\u00e1)!<\/span><\/p>\n<p><\/div><\/div><div class=\"rt-accordion-item\"><div class=\"rt-accordion-item-title\"><div class=\"rt-accordion-item-title-icon\"><i class=\"fa fa-angle-down\"><\/i><\/div><h4 class=\"panel-title\">Como voc\u00eas fazem dinheiro?<\/h4><\/div><div class=\"rt-accordion-item-body\"><\/p>\n<p style=\"text-align: justify;\"><span style=\"font-size: 14pt; color: #003366;\">Bem, trabalhamos duro todos os dias a bordo e ganhamos dinheiro, o suficiente para pagar as taxas de hospedagem e manuten\u00e7\u00e3o. Somos como uma organiza\u00e7\u00e3o sem fins lucrativos! Essa \u00e9 a raz\u00e3o pela qual voc\u00ea n\u00e3o v\u00ea an\u00fancios neste site e provavelmente nunca ver\u00e1.<br \/>\n<\/span><\/p>\n<p><\/div><\/div><div class=\"rt-accordion-item\"><div class=\"rt-accordion-item-title\"><div class=\"rt-accordion-item-title-icon\"><i class=\"fa fa-angle-down\"><\/i><\/div><h4 class=\"panel-title\">Posso aplicar para trabalhar com voc\u00eas?<\/h4><\/div><div class=\"rt-accordion-item-body\"><\/p>\n<p style=\"text-align: justify;\"><span style=\"font-size: 14pt; color: #003366;\">Certamente voc\u00ea pode! Publicamos alguns trabalhos de tempos em tempos na nossa p\u00e1gina do Facebook e tamb\u00e9m <a href=\"http:\/\/shiplife.org\/careers\/?lang=pt-br\">clicando aqui<\/a>. Apenas tenha em mente que esses s\u00e3o trabalhos n\u00e3o pagos.<\/span><\/p>\n<p><\/div><\/div><\/div>[\/vc_column][\/vc_row][vc_row css=&#8221;.vc_custom_1558330359284{margin-top: 50px !important;}&#8221;][vc_column][vc_column_text]<\/p>\n<h3 style=\"text-align: left;\">Sobre o processo seletivo:<\/h3>\n<p>[\/vc_column_text]<div class=\"rt-accordion element-one  \"  ><div class=\"rt-accordion-item\"><div class=\"rt-accordion-item-title\"><div class=\"rt-accordion-item-title-icon\"><i class=\"fa fa-angle-down\"><\/i><\/div><h4 class=\"panel-title\">O qu\u00e3o r\u00e1pido eu posso embarcar?<\/h4><\/div><div class=\"rt-accordion-item-body\"><\/p>\n<p style=\"text-align: justify;\"><span style=\"font-size: 14pt; color: #003366;\">O processo seletivo costuma demorar algum tempo, por isto n\u00f3s n\u00e3o recomendamos que voc\u00ea saia do seu emprego atual ou tranque um curso at\u00e9 ter pelo menos a data de embarque ou a sua Letter of Employment. O processo inteiro pode durar t\u00e3o pouco quanto dois meses ou demorar mais de um ano a partir do momento da sua primeira entrevista.<br \/>\n<\/span><\/div><\/div><div class=\"rt-accordion-item\"><div class=\"rt-accordion-item-title\"><div class=\"rt-accordion-item-title-icon\"><i class=\"fa fa-angle-down\"><\/i><\/div><h4 class=\"panel-title\">O que faz o processo seletivo ir mais r\u00e1pido?<\/h4><\/div><div class=\"rt-accordion-item-body\"><\/p>\n<p style=\"text-align: justify;\"><span style=\"font-size: 14pt; color: #003366;\">Bem, existem algumas coisa que voc\u00ea pode fazer antes mesmo de conseguir sua primeira entrevista: Tomar as vacinas requeridas, obter um bom resultado no teste de ingl\u00eas Marlins, adquirir um passaporte caso n\u00e3o o tenha&#8230; e definitivamente, n\u00f3s n\u00e3o recomendamos realizar nenhum curso de seguran\u00e7a como STCW ou CBSN, pois o mesmo \u00e9 de alto custo e n\u00e3o auxilia em nada o candidato, pois a maioria das companhias oferece o curso a bordo e de gra\u00e7a.<br \/>\n<\/span><\/div><\/div><div class=\"rt-accordion-item\"><div class=\"rt-accordion-item-title\"><div class=\"rt-accordion-item-title-icon\"><i class=\"fa fa-angle-down\"><\/i><\/div><h4 class=\"panel-title\">O que faz um bom curr\u00edculo?<\/h4><\/div><div class=\"rt-accordion-item-body\"><\/p>\n<p style=\"text-align: justify;\"><span style=\"font-size: 14pt; color: #003366;\">Tome um tempo para ler nosso tutorial sobre como voc\u00ea deve <a href=\"https:\/\/shiplife.org\/selection-process\/build-your-resume\/?lang=pt-br\">montar seu curr\u00edculo<\/a>. Mas existem alguns pontos dos quais os recrutadores de navios de cruzeiros focam: Primeiramente, o seu curr\u00edculo deve estar bem redigido e em ingl\u00eas, junto com uma foto recente. Ainda, todas as suas experi\u00eancias pr\u00e9vias devem ser com foco na posi\u00e7\u00e3o em que se est\u00e1 aplicando. N\u00e3o adianta nada voc\u00ea querer se tornar um Bartender e colocar no curr\u00edculo que \u00e9 caixa de supermercado e nunca atuou ou fez nenhum curso na \u00e1rea pretendida.<br \/>\n<\/span><\/p>\n<p><\/div><\/div><div class=\"rt-accordion-item\"><div class=\"rt-accordion-item-title\"><div class=\"rt-accordion-item-title-icon\"><i class=\"fa fa-angle-down\"><\/i><\/div><h4 class=\"panel-title\">Como s\u00e3o as cabines a bordo?<\/h4><\/div><div class=\"rt-accordion-item-body\"><\/p>\n<p style=\"text-align: justify;\"><span style=\"font-size: 14pt; color: #003366;\">Quase todos os tripulantes de todas as companhias de cruzeiros compartilham quartos duplos, triplos, qu\u00e1druplos e at\u00e9 mesmo qu\u00edntuplos em navios mais antigos. Em alguns navios, o banheiro \u00e9 compartilhado por at\u00e9 dez cabines! Mas para a grande maioria, os quartos s\u00e3o duplos, com beliches, um arm\u00e1rio pequeno, cofre pessoal e uma mesa com tomadas 110v e 220v. Para um grupo seleto de tripulantes como oficiais e gerentes, as companhias reservam quartos menores por\u00e9m voltados para apenas uma pessoa.<br \/>\n<\/span><\/div><\/div><div class=\"rt-accordion-item\"><div class=\"rt-accordion-item-title\"><div class=\"rt-accordion-item-title-icon\"><i class=\"fa fa-angle-down\"><\/i><\/div><h4 class=\"panel-title\">Que tipos de problemas m\u00e9dicos eliminam os candidatos?<\/h4><\/div><div class=\"rt-accordion-item-body\"><\/p>\n<p style=\"text-align: justify;\"><span style=\"font-size: 14pt; color: #003366;\">Confira nossa p\u00e1gina sobre os <a href=\"https:\/\/shiplife.org\/selection-process\/medical-exams\/?lang=pt-br\">exames m\u00e9dicos<\/a> para um texto mais detalhado! Por\u00e9m, sendo breve, os seguintes problemas eliminam totalmente as chances de se embarcar: Uso de drogas, tuberculose, doen\u00e7as ven\u00e9reas (AIDS\/HIV), C\u00e2ncer, Diabetes, Obesidade, Perda de consci\u00eancia, Doen\u00e7as mentais, Epilepsia, Desordem do sono, Press\u00e3o alta, Problemas cardiorrespirat\u00f3rios, Asma severa, Problemas dentais (como excesso de c\u00e1ries ou falta de dentes), Problemas de Audi\u00e7\u00e3o, Falta de Vis\u00e3o, Desordens de Fala, Fazer uso de medicamentos controlados sob prescri\u00e7\u00e3o<\/span><span style=\"font-size: 14pt; color: #003366;\">, Diabetes e Alergias severas.<br \/>\n<\/span><\/p>\n<p><\/div><\/div><div class=\"rt-accordion-item\"><div class=\"rt-accordion-item-title\"><div class=\"rt-accordion-item-title-icon\"><i class=\"fa fa-angle-down\"><\/i><\/div><h4 class=\"panel-title\">Onde eu fa\u00e7o o exame ENG1?<\/h4><\/div><div class=\"rt-accordion-item-body\"><\/p>\n<p style=\"text-align: justify;\"><span style=\"font-size: 14pt; color: #003366;\">O certificado m\u00e9dico ENG1 \u00e9 bem espec\u00edfico para algumas companhias de cruzeiros de alto luxo e iates, o que voc\u00ea muito provavelmente n\u00e3o vai precisar fazer ao aplicar para uma grande companhia de cruzeiro. H\u00e1 uma lista bem curta das cl\u00ednicas ao redor do mundo devidamente certificadas por isto recomendamos <a href=\"https:\/\/www.sdir.no\/en\/shipping\/seafarers\/approved-seafarers-doctors\/?country=brasil\">conferir este site<\/a>.<br \/>\n<\/span><\/p>\n<p><\/div><\/div><div class=\"rt-accordion-item\"><div class=\"rt-accordion-item-title\"><div class=\"rt-accordion-item-title-icon\"><i class=\"fa fa-angle-down\"><\/i><\/div><h4 class=\"panel-title\">O que vai ser reembolsado?<\/h4><\/div><div class=\"rt-accordion-item-body\"><\/p>\n<p style=\"text-align: justify;\"><span style=\"font-size: 14pt; color: #003366;\">Por leis internacionais, as companhias s\u00f3 est\u00e3o obrigadas ressarcir o custo dos formul\u00e1rios espec\u00edficos para emiss\u00e3o de vistos e a te repatriar no final do seu contrato ou em caso de demiss\u00e3o. Todos os outros gastos n\u00e3o s\u00e3o reembolsados, por\u00e9m algumas companhias optam por cobrir outros gastos como exames m\u00e9dicos e at\u00e9 mesmo refei\u00e7\u00f5es feitas no aeroporto.<br \/>\n<\/span><\/div><\/div><div class=\"rt-accordion-item\"><div class=\"rt-accordion-item-title\"><div class=\"rt-accordion-item-title-icon\"><i class=\"fa fa-angle-down\"><\/i><\/div><h4 class=\"panel-title\">Recebo dinheiro durante minhas f\u00e9rias?<\/h4><\/div><div class=\"rt-accordion-item-body\"><\/p>\n<p style=\"text-align: justify;\"><span style=\"font-size: 14pt; color: #003366;\">Mas \u00e9 claro&#8230; que n\u00e3o! O seu contrato com a companhia \u00e9 predeterminado e voc\u00ea s\u00f3 recebe o sal\u00e1rio estando a bordo, com exce\u00e7\u00f5es para oficiais de alto escal\u00e3o, como por exemplo o Diretor do Cruzeiro, Gerente do Hotel e o Capit\u00e3o.<br \/>\n<\/span><\/div><\/div><div class=\"rt-accordion-item\"><div class=\"rt-accordion-item-title\"><div class=\"rt-accordion-item-title-icon\"><i class=\"fa fa-angle-down\"><\/i><\/div><h4 class=\"panel-title\">O que acontece se eu ficar doente?<\/h4><\/div><div class=\"rt-accordion-item-body\"><\/p>\n<p style=\"text-align: justify;\"><span style=\"font-size: 14pt; color: #003366;\">Se voc\u00ea ficar doente durante o seu contrato, o Centro M\u00e9dico a bordo lhe fornecer\u00e1 todos os tratamentos poss\u00edveis para sua situa\u00e7\u00e3o. Se voc\u00ea tem uma condi\u00e7\u00e3o predeterminada, \u00e9 mais prov\u00e1vel que a empresa n\u00e3o o contrate em primeiro lugar, mas se voc\u00ea adquirir alguma coisa enquanto trabalha, a empresa pagar\u00e1 por todas as suas despesas m\u00e9dicas durante o tratamento. O \u00fanico servi\u00e7o que n\u00e3o est\u00e1 dispon\u00edvel a bordo \u00e9 atendimento odontol\u00f3gico, por isso, se voc\u00ea tiver quaisquer problemas, a equipe m\u00e9dica ir\u00e1 indicar um dentista local nos portos de escala.<\/span><\/p>\n<p><\/div><\/div><div class=\"rt-accordion-item\"><div class=\"rt-accordion-item-title\"><div class=\"rt-accordion-item-title-icon\"><i class=\"fa fa-angle-down\"><\/i><\/div><h4 class=\"panel-title\">O que acontece se negarem o meu visto de trabalho?<\/h4><\/div><div class=\"rt-accordion-item-body\"><\/p>\n<p style=\"text-align: justify;\"><span style=\"font-size: 14pt; color: #003366;\">Se voc\u00ea tem um familiar imediato vivendo ilegalmente nos Estados Unidos, se voc\u00ea j\u00e1 morou ilegalmente ou se algu\u00e9m de sua fam\u00edlia foi deportado no passado, voc\u00ea n\u00e3o poder\u00e1 obter um visto de tr\u00e2nsito VISA de tr\u00e2nsito e \u00e9 muito prov\u00e1vel que a empresa encerre seu processo de sele\u00e7\u00e3o. O mesmo se aplica a outros pa\u00edses que exigir\u00e3o que voc\u00ea assuma um visto, como Austr\u00e1lia, Canad\u00e1 e It\u00e1lia.<br \/>\n<\/span><\/div><\/div><\/div>[\/vc_column][\/vc_row][vc_row css=&#8221;.vc_custom_1558334320063{margin-top: 50px !important;}&#8221;][vc_column][vc_zigzag][vc_column_text]<\/p>\n<h3 style=\"text-align: left;\">N\u00e3o achou o que procura? Envie sua pergunta!<\/h3>\n<p>[\/vc_column_text]<noscript class=\"ninja-forms-noscript-message\">\n\tNotice: JavaScript is required for this content.<\/noscript>\n<div id=\"nf-form-8-cont\" class=\"nf-form-cont\" aria-live=\"polite\" aria-labelledby=\"nf-form-title-8\" aria-describedby=\"nf-form-errors-8\" role=\"form\">\n\n    <div class=\"nf-loading-spinner\"><\/div>\n\n<\/div>\n        <!-- That data is being printed as a workaround to page builders reordering the order of the scripts loaded-->\n        <script>var formDisplay=1;var nfForms=nfForms||[];var form=[];form.id='8';form.settings={\"objectType\":\"Form Setting\",\"editActive\":true,\"title\":\"Submit a Question for the FAQ - Portuguese\",\"created_at\":\"2019-06-16 19:36:19\",\"default_label_pos\":\"above\",\"show_title\":\"0\",\"clear_complete\":\"1\",\"hide_complete\":\"1\",\"logged_in\":\"0\",\"wrapper_class\":\"\",\"element_class\":\"\",\"key\":\"\",\"add_submit\":\"1\",\"currency\":\"\",\"unique_field_error\":\"A form with this value has already been submitted.\",\"not_logged_in_msg\":\"\",\"sub_limit_msg\":\"The form has reached its submission limit.\",\"calculations\":[],\"formContentData\":[\"nome_1560724851125\",\"email_1523909158972\",\"pergunta_1560724858656\",\"recaptcha_1559194295511\",\"enviar_1560724889209\"],\"drawerDisabled\":false,\"allow_public_link\":\"0\",\"embed_form\":\"\",\"changeEmailErrorMsg\":\"Please enter a valid email address!\",\"changeDateErrorMsg\":\"Please enter a valid date!\",\"confirmFieldErrorMsg\":\"These fields must match!\",\"fieldNumberNumMinError\":\"Number Min Error\",\"fieldNumberNumMaxError\":\"Number Max Error\",\"fieldNumberIncrementBy\":\"Please increment by \",\"formErrorsCorrectErrors\":\"Please correct errors before submitting this form.\",\"validateRequiredField\":\"This is a required field.\",\"honeypotHoneypotError\":\"Honeypot Error\",\"fieldsMarkedRequired\":\"Fields marked with an <span class=\\\"ninja-forms-req-symbol\\\">*<\\\/span> are required\",\"ninjaForms\":\"Ninja Forms\",\"fieldTextareaRTEInsertLink\":\"Insert Link\",\"fieldTextareaRTEInsertMedia\":\"Insert Media\",\"fieldTextareaRTESelectAFile\":\"Select a file\",\"formHoneypot\":\"If you are a human seeing this field, please leave it empty.\",\"fileUploadOldCodeFileUploadInProgress\":\"File Upload in Progress.\",\"fileUploadOldCodeFileUpload\":\"FILE UPLOAD\",\"currencySymbol\":\"&#36;\",\"thousands_sep\":\",\",\"decimal_point\":\".\",\"siteLocale\":\"en_US\",\"dateFormat\":\"d\\\/m\\\/Y\",\"startOfWeek\":\"1\",\"of\":\"of\",\"previousMonth\":\"Previous Month\",\"nextMonth\":\"Next Month\",\"months\":[\"January\",\"February\",\"March\",\"April\",\"May\",\"June\",\"July\",\"August\",\"September\",\"October\",\"November\",\"December\"],\"monthsShort\":[\"Jan\",\"Feb\",\"Mar\",\"Apr\",\"May\",\"Jun\",\"Jul\",\"Aug\",\"Sep\",\"Oct\",\"Nov\",\"Dec\"],\"weekdays\":[\"Sunday\",\"Monday\",\"Tuesday\",\"Wednesday\",\"Thursday\",\"Friday\",\"Saturday\"],\"weekdaysShort\":[\"Sun\",\"Mon\",\"Tue\",\"Wed\",\"Thu\",\"Fri\",\"Sat\"],\"weekdaysMin\":[\"Su\",\"Mo\",\"Tu\",\"We\",\"Th\",\"Fr\",\"Sa\"],\"recaptchaConsentMissing\":\"reCaptcha validation couldn&#039;t load.\",\"recaptchaMissingCookie\":\"reCaptcha v3 validation couldn&#039;t load the cookie needed to submit the form.\",\"recaptchaConsentEvent\":\"Accept reCaptcha cookies before sending the form.\",\"currency_symbol\":\"\",\"beforeForm\":\"\",\"beforeFields\":\"\",\"afterFields\":\"\",\"afterForm\":\"\"};form.fields=[{\"objectType\":\"Field\",\"objectDomain\":\"fields\",\"editActive\":false,\"order\":1,\"label\":\"Nome\",\"type\":\"firstname\",\"key\":\"nome_1560724851125\",\"label_pos\":\"above\",\"required\":1,\"default\":\"\",\"placeholder\":\"\",\"container_class\":\"\",\"element_class\":\"\",\"admin_label\":\"\",\"help_text\":\"\",\"custom_name_attribute\":\"fname\",\"personally_identifiable\":1,\"value\":\"\",\"drawerDisabled\":\"\",\"field_label\":\"Name\",\"field_key\":\"name_1559171649158\",\"id\":54,\"beforeField\":\"\",\"afterField\":\"\",\"parentType\":\"firstname\",\"element_templates\":[\"firstname\",\"input\"],\"old_classname\":\"\",\"wrap_template\":\"wrap\"},{\"objectType\":\"Field\",\"objectDomain\":\"fields\",\"editActive\":false,\"order\":2,\"type\":\"email\",\"label\":\"Email\",\"key\":\"email_1523909158972\",\"label_pos\":\"above\",\"required\":1,\"default\":\"\",\"placeholder\":\"\",\"container_class\":\"\",\"element_class\":\"\",\"admin_label\":\"\",\"help_text\":\"\",\"custom_name_attribute\":\"email\",\"field_label\":\"Email\",\"field_key\":\"email_1523909158972\",\"personally_identifiable\":1,\"value\":\"\",\"id\":51,\"beforeField\":\"\",\"afterField\":\"\",\"parentType\":\"email\",\"element_templates\":[\"email\",\"input\"],\"old_classname\":\"\",\"wrap_template\":\"wrap\"},{\"objectType\":\"Field\",\"objectDomain\":\"fields\",\"editActive\":false,\"order\":3,\"type\":\"textarea\",\"label\":\"Pergunta\",\"key\":\"pergunta_1560724858656\",\"label_pos\":\"above\",\"required\":1,\"default\":\"\",\"placeholder\":\"Se voc\\u00ea n\\u00e3o encontrou sua d\\u00favida nas perguntas frequentes, voc\\u00ea pode enviar uma aqui.\",\"container_class\":\"\",\"element_class\":\"\",\"input_limit\":\"\",\"input_limit_type\":\"characters\",\"input_limit_msg\":\"Character(s) left\",\"manual_key\":\"\",\"admin_label\":\"\",\"help_text\":\"<br>\",\"textarea_rte\":\"\",\"disable_rte_mobile\":\"\",\"textarea_media\":\"\",\"drawerDisabled\":\"\",\"field_label\":\"Question\",\"field_key\":\"question_1559171684774\",\"disable_browser_autocomplete\":1,\"value\":\"\",\"id\":52,\"beforeField\":\"\",\"afterField\":\"\",\"parentType\":\"textarea\",\"element_templates\":[\"textarea\",\"input\"],\"old_classname\":\"\",\"wrap_template\":\"wrap\"},{\"objectType\":\"Field\",\"objectDomain\":\"fields\",\"editActive\":false,\"order\":4,\"label\":\"Recaptcha\",\"type\":\"recaptcha\",\"container_class\":\"\",\"element_class\":\"\",\"size\":\"visible\",\"key\":\"recaptcha_1559194295511\",\"field_label\":\"Recaptcha\",\"field_key\":\"recaptcha_1559194295511\",\"id\":55,\"beforeField\":\"\",\"afterField\":\"\",\"value\":\"\",\"label_pos\":\"above\",\"parentType\":\"textbox\",\"element_templates\":[\"recaptcha\",\"input\"],\"old_classname\":\"\",\"wrap_template\":\"wrap\",\"site_key\":\"6Le9fUcUAAAAAIlu0trtB8lbOnXpIwzx9ZCVxv6r\",\"theme\":\"light\",\"lang\":\"en\"},{\"objectType\":\"Field\",\"objectDomain\":\"fields\",\"editActive\":false,\"order\":5,\"type\":\"submit\",\"label\":\"Enviar\",\"processing_label\":\"Enviando...\",\"container_class\":\"\",\"element_class\":\"\",\"key\":\"enviar_1560724889209\",\"field_label\":\"Submit\",\"field_key\":\"submit_1523909373360\",\"drawerDisabled\":false,\"id\":53,\"beforeField\":\"\",\"afterField\":\"\",\"value\":\"\",\"label_pos\":\"above\",\"parentType\":\"textbox\",\"element_templates\":[\"submit\",\"button\",\"input\"],\"old_classname\":\"\",\"wrap_template\":\"wrap-no-label\"}];nfForms.push(form);<\/script>\n                <script id=\"nf-tmpl-cell\" type=\"text\/template\">\n            <nf-fields><\/nf-fields>\n        <\/script>\n\n        <script id=\"nf-tmpl-row\" type=\"text\/template\">\n            <nf-cells><\/nf-cells>\n        <\/script>\n\n        [\/vc_column][\/vc_row]<\/p>\n","protected":false},"excerpt":{"rendered":"<p>[vc_row css=&#8221;.vc_custom_1558331465186{margin-top: 40px !important;}&#8221;][vc_column][vc_column_text] Perguntas Frequentes [\/vc_column_text][\/vc_column][\/vc_row][vc_row][vc_column][vc_column_text] Perguntas gerais: [\/vc_column_text][\/vc_column][\/vc_row][vc_row css=&#8221;.vc_custom_1558330359284{margin-top: 50px !important;}&#8221;][vc_column][vc_column_text] Sobre o processo seletivo: [\/vc_column_text][\/vc_column][\/vc_row][vc_row css=&#8221;.vc_custom_1558334320063{margin-top: 50px !important;}&#8221;][vc_column][vc_zigzag][vc_column_text] N\u00e3o achou o que procura? Envie sua pergunta! [\/vc_column_text][\/vc_column][\/vc_row]<\/p>\n","protected":false},"author":1,"featured_media":0,"parent":0,"menu_order":0,"comment_status":"closed","ping_status":"closed","template":"","meta":{"footnotes":""},"yst_prominent_words":[1223,1218,1217,1373,1374,2490,1225,1367,1220,1141,1195,1191,1219,1226,1182,1148,1139,1188,1216,1377,1171,1149,1189],"class_list":["post-10380","page","type-page","status-publish","hentry"],"_links":{"self":[{"href":"https:\/\/shiplife.org\/2020\/wp-json\/wp\/v2\/pages\/10380","targetHints":{"allow":["GET"]}}],"collection":[{"href":"https:\/\/shiplife.org\/2020\/wp-json\/wp\/v2\/pages"}],"about":[{"href":"https:\/\/shiplife.org\/2020\/wp-json\/wp\/v2\/types\/page"}],"author":[{"embeddable":true,"href":"https:\/\/shiplife.org\/2020\/wp-json\/wp\/v2\/users\/1"}],"replies":[{"embeddable":true,"href":"https:\/\/shiplife.org\/2020\/wp-json\/wp\/v2\/comments?post=10380"}],"version-history":[{"count":11,"href":"https:\/\/shiplife.org\/2020\/wp-json\/wp\/v2\/pages\/10380\/revisions"}],"predecessor-version":[{"id":12036,"href":"https:\/\/shiplife.org\/2020\/wp-json\/wp\/v2\/pages\/10380\/revisions\/12036"}],"wp:attachment":[{"href":"https:\/\/shiplife.org\/2020\/wp-json\/wp\/v2\/media?parent=10380"}],"wp:term":[{"taxonomy":"yst_prominent_words","embeddable":true,"href":"https:\/\/shiplife.org\/2020\/wp-json\/wp\/v2\/yst_prominent_words?post=10380"}],"curies":[{"name":"wp","href":"https:\/\/api.w.org\/{rel}","templated":true}]}}